Last updated on 2024-04-19 19:50:08 CEST.
Flavor | Version | Tinstall | Tcheck | Ttotal | Status | Flags |
---|---|---|---|---|---|---|
r-devel-linux-x86_64-debian-clang | 3.3 | 5.01 | 32.85 | 37.86 | OK | |
r-devel-linux-x86_64-debian-gcc | 3.3 | OK | ||||
r-devel-linux-x86_64-fedora-clang | 3.3 | 46.51 | NOTE | |||
r-devel-linux-x86_64-fedora-gcc | 3.3 | 44.93 | NOTE | |||
r-prerel-macos-arm64 | 3.3 | 19.00 | OK | |||
r-prerel-windows-x86_64 | 3.3 | 6.00 | 51.00 | 57.00 | OK | |
r-patched-linux-x86_64 | 3.3 | 6.00 | 31.15 | 37.15 | OK | |
r-release-linux-x86_64 | 3.3 | 4.73 | 32.01 | 36.74 | OK | |
r-release-macos-arm64 | 3.3 | 20.00 | OK | |||
r-release-macos-x86_64 | 3.3 | 28.00 | OK | |||
r-release-windows-x86_64 | 3.3 | 8.00 | 52.00 | 60.00 | OK | |
r-oldrel-macos-arm64 | 3.3 | 21.00 | OK | |||
r-oldrel-windows-x86_64 | 3.3 | 7.00 | 57.00 | 64.00 | OK |
Version: 3.3
Check: compiled code
Result: NOTE
File ‘betategarch/libs/betategarch.so’:
Found no calls to: ‘R_registerRoutines’, ‘R_useDynamicSymbols’
It is good practice to register native routines and to disable symbol
search.
See ‘Writing portable packages’ in the ‘Writing R Extensions’ manual.
Flavors: r-devel-linux-x86_64-fedora-clang, r-devel-linux-x86_64-fedora-gcc