Last updated on 2024-04-23 18:50:48 CEST.
Flavor | Version | Tinstall | Tcheck | Ttotal | Status | Flags |
---|---|---|---|---|---|---|
r-devel-linux-x86_64-debian-clang | 1.5.12 | 226.07 | 240.46 | 466.53 | NOTE | |
r-devel-linux-x86_64-debian-gcc | 1.5.12 | 179.29 | 184.79 | 364.08 | NOTE | |
r-devel-linux-x86_64-fedora-clang | 1.5.12 | 640.30 | NOTE | |||
r-devel-linux-x86_64-fedora-gcc | 1.5.12 | 647.41 | NOTE | |||
r-prerel-macos-arm64 | 1.5.12 | 130.00 | NOTE | |||
r-prerel-windows-x86_64 | 1.5.12 | 231.00 | 240.00 | 471.00 | NOTE | |
r-patched-linux-x86_64 | 1.5.12 | 220.64 | 236.65 | 457.29 | NOTE | |
r-release-linux-x86_64 | 1.5.12 | 242.58 | 238.73 | 481.31 | NOTE | |
r-release-macos-arm64 | 1.5.12 | 162.00 | NOTE | |||
r-release-macos-x86_64 | 1.5.12 | 319.00 | NOTE | |||
r-release-windows-x86_64 | 1.5.12 | 277.00 | 305.00 | 582.00 | NOTE | |
r-oldrel-macos-arm64 | 1.5.12 | 165.00 | NOTE | |||
r-oldrel-windows-x86_64 | 1.5.12 | 264.00 | 278.00 | 542.00 | OK |
Version: 1.5.12
Check: C++ specification
Result: NOTE
Specified C++11: please drop specification unless essential
Flavors: r-devel-linux-x86_64-debian-clang, r-devel-linux-x86_64-debian-gcc, r-devel-linux-x86_64-fedora-clang, r-devel-linux-x86_64-fedora-gcc, r-prerel-macos-arm64, r-prerel-windows-x86_64, r-patched-linux-x86_64, r-release-linux-x86_64, r-release-macos-arm64, r-release-macos-x86_64, r-release-windows-x86_64
Version: 1.5.12
Check: Rd files
Result: NOTE
checkRd: (-1) FBM-class.Rd:97: Lost braces; missing escapes or markup?
97 | to be used by package {bigmemory}.
| ^
checkRd: (-1) FBM-class.Rd:99: Lost braces; missing escapes or markup?
99 | to be used by package {bigmemory}.
| ^
checkRd: (-1) big_read.Rd:57: Lost braces; missing escapes or markup?
57 | Read a file as a Filebacked Big Matrix by using package {bigreadr}.
| ^
Flavors: r-devel-linux-x86_64-debian-clang, r-devel-linux-x86_64-debian-gcc, r-devel-linux-x86_64-fedora-clang, r-devel-linux-x86_64-fedora-gcc, r-prerel-macos-arm64, r-prerel-windows-x86_64, r-patched-linux-x86_64
Version: 1.5.12
Check: dependencies in R code
Result: NOTE
Namespace in Imports field not imported from: ‘rmio’
All declared Imports should be used.
Flavors: r-devel-linux-x86_64-fedora-clang, r-devel-linux-x86_64-fedora-gcc, r-oldrel-macos-arm64
Version: 1.5.12
Check: installed package size
Result: NOTE
installed size is 11.6Mb
sub-directories of 1Mb or more:
extdata 2.3Mb
libs 8.6Mb
Flavors: r-prerel-macos-arm64, r-release-macos-arm64, r-release-macos-x86_64, r-oldrel-macos-arm64