Last updated on 2024-05-07 18:49:39 CEST.
Flavor | Version | Tinstall | Tcheck | Ttotal | Status | Flags |
---|---|---|---|---|---|---|
r-devel-linux-x86_64-debian-clang | 1.1.1 | 47.19 | 223.51 | 270.70 | OK | |
r-devel-linux-x86_64-debian-gcc | 1.1.1 | 36.27 | 161.44 | 197.71 | OK | |
r-devel-linux-x86_64-fedora-clang | 1.1.1 | 340.50 | NOTE | |||
r-devel-linux-x86_64-fedora-gcc | 1.1.1 | 392.06 | OK | |||
r-devel-windows-x86_64 | 1.1.1 | 38.00 | 182.00 | 220.00 | NOTE | |
r-patched-linux-x86_64 | 1.1.1 | 42.38 | 211.58 | 253.96 | OK | |
r-release-linux-x86_64 | 1.1.1 | 42.11 | 211.14 | 253.25 | OK | |
r-release-macos-arm64 | 1.1.1 | 83.00 | NOTE | |||
r-release-macos-x86_64 | 1.1.1 | 243.00 | NOTE | |||
r-release-windows-x86_64 | 1.1.1 | 38.00 | 178.00 | 216.00 | NOTE | |
r-oldrel-macos-arm64 | 1.1.1 | 95.00 | NOTE | |||
r-oldrel-macos-x86_64 | 1.1.1 | 204.00 | NOTE | |||
r-oldrel-windows-x86_64 | 1.1.1 | 50.00 | 230.00 | 280.00 | NOTE |
Version: 1.1.1
Check: installed package size
Result: NOTE
installed size is 5.5Mb
sub-directories of 1Mb or more:
data 1.6Mb
help 2.6Mb
Flavors: r-devel-linux-x86_64-fedora-clang, r-devel-windows-x86_64, r-release-macos-arm64, r-release-macos-x86_64, r-release-windows-x86_64, r-oldrel-macos-arm64, r-oldrel-macos-x86_64, r-oldrel-windows-x86_64
Version: 1.1.1
Check: Rd cross-references
Result: NOTE
Undeclared package ‘vegan’ in Rd xrefs
Flavor: r-devel-linux-x86_64-fedora-clang