Last updated on 2024-04-23 06:56:49 CEST.
Flavor | Version | Tinstall | Tcheck | Ttotal | Status | Flags |
---|---|---|---|---|---|---|
r-devel-linux-x86_64-debian-clang | 0.5-4 | 863.68 | 267.95 | 1131.63 | NOTE | |
r-devel-linux-x86_64-debian-gcc | 0.5-4 | 640.22 | 207.80 | 848.02 | NOTE | |
r-devel-linux-x86_64-fedora-clang | 0.5-4 | 1248.58 | NOTE | |||
r-devel-linux-x86_64-fedora-gcc | 0.5-4 | 1498.78 | NOTE | |||
r-prerel-macos-arm64 | 0.5-4 | 321.00 | NOTE | |||
r-prerel-macos-x86_64 | 0.5-4 | 934.00 | NOTE | |||
r-prerel-windows-x86_64 | 0.5-4 | 367.00 | 241.00 | 608.00 | NOTE | |
r-patched-linux-x86_64 | 0.5-4 | 501.61 | 268.24 | 769.85 | NOTE | |
r-release-linux-x86_64 | 0.5-4 | 541.37 | 280.65 | 822.02 | NOTE | |
r-release-macos-arm64 | 0.5-4 | 340.00 | NOTE | |||
r-release-macos-x86_64 | 0.5-4 | 787.00 | NOTE | |||
r-release-windows-x86_64 | 0.5-4 | 689.00 | 284.00 | 973.00 | NOTE | |
r-oldrel-macos-arm64 | 0.5-4 | 315.00 | NOTE | |||
r-oldrel-windows-x86_64 | 0.5-4 | 637.00 | 280.00 | 917.00 | NOTE |
Version: 0.5-4
Check: package dependencies
Result: NOTE
Package suggested but not available for checking: ‘cmdstanr’
Flavors: r-devel-linux-x86_64-debian-clang, r-devel-linux-x86_64-debian-gcc, r-devel-linux-x86_64-fedora-clang, r-devel-linux-x86_64-fedora-gcc, r-prerel-macos-arm64, r-prerel-macos-x86_64, r-prerel-windows-x86_64, r-patched-linux-x86_64, r-release-linux-x86_64, r-release-macos-arm64, r-release-macos-x86_64, r-release-windows-x86_64, r-oldrel-macos-arm64, r-oldrel-windows-x86_64
Version: 0.5-4
Check: for GNU extensions in Makefiles
Result: NOTE
GNU make is a SystemRequirements.
Flavors: r-devel-linux-x86_64-debian-clang, r-devel-linux-x86_64-debian-gcc, r-devel-linux-x86_64-fedora-clang, r-devel-linux-x86_64-fedora-gcc, r-prerel-macos-arm64, r-prerel-macos-x86_64, r-prerel-windows-x86_64, r-patched-linux-x86_64, r-release-linux-x86_64, r-release-macos-arm64, r-release-macos-x86_64, r-release-windows-x86_64, r-oldrel-macos-arm64, r-oldrel-windows-x86_64
Version: 0.5-4
Check: installed package size
Result: NOTE
installed size is 11.5Mb
sub-directories of 1Mb or more:
R 1.2Mb
libs 8.5Mb
testdata 1.5Mb
Flavors: r-devel-linux-x86_64-fedora-clang, r-prerel-macos-arm64, r-prerel-macos-x86_64, r-prerel-windows-x86_64, r-release-macos-arm64, r-release-macos-x86_64, r-release-windows-x86_64, r-oldrel-macos-arm64, r-oldrel-windows-x86_64