Last updated on 2024-03-28 17:49:23 CET.
Flavor | Version | Tinstall | Tcheck | Ttotal | Status | Flags |
---|---|---|---|---|---|---|
r-devel-linux-x86_64-debian-clang | 1.1.0 | 3.00 | 42.79 | 45.79 | NOTE | |
r-devel-linux-x86_64-debian-gcc | 1.1.0 | 2.47 | 33.07 | 35.54 | NOTE | |
r-devel-linux-x86_64-fedora-clang | 1.1.0 | 59.01 | NOTE | |||
r-devel-linux-x86_64-fedora-gcc | 1.1.0 | 71.06 | NOTE | |||
r-devel-windows-x86_64 | 1.1.0 | 4.00 | 53.00 | 57.00 | NOTE | |
r-patched-linux-x86_64 | 1.1.0 | 3.09 | 42.39 | 45.48 | NOTE | |
r-release-linux-x86_64 | 1.1.0 | 2.83 | 39.86 | 42.69 | OK | |
r-release-macos-arm64 | 1.1.0 | 34.00 | OK | |||
r-release-macos-x86_64 | 1.1.0 | 42.00 | OK | |||
r-release-windows-x86_64 | 1.1.0 | 5.00 | 56.00 | 61.00 | OK | |
r-oldrel-macos-arm64 | 1.1.0 | 23.00 | OK | |||
r-oldrel-windows-x86_64 | 1.1.0 | 5.00 | 64.00 | 69.00 | OK |
Version: 1.1.0
Check: Rd files
Result: NOTE
checkRd: (-1) RLdata500.Rd:8: Lost braces
8 | A data frame with five variables: \code{fname_c1},\code{lname_c1}, \code{by}, code{bm}, \code{bd}.
| ^
checkRd: (-1) identity.RLdata500.Rd:15: Lost braces
15 | format A vector that contains the code{id}
| ^
Flavors: r-devel-linux-x86_64-debian-clang, r-devel-linux-x86_64-debian-gcc, r-devel-linux-x86_64-fedora-clang, r-devel-linux-x86_64-fedora-gcc, r-devel-windows-x86_64, r-patched-linux-x86_64