Last updated on 2024-03-28 06:01:19 CET.
Flavor | Version | Tinstall | Tcheck | Ttotal | Status | Flags |
---|---|---|---|---|---|---|
r-devel-linux-x86_64-debian-clang | 0.6.4 | 10.16 | 70.64 | 80.80 | OK | |
r-devel-linux-x86_64-debian-gcc | 0.6.4 | 7.53 | 51.36 | 58.89 | OK | |
r-devel-linux-x86_64-fedora-clang | 0.6.4 | 94.55 | NOTE | |||
r-devel-linux-x86_64-fedora-gcc | 0.6.4 | 95.94 | NOTE | |||
r-devel-windows-x86_64 | 0.6.4 | 11.00 | 72.00 | 83.00 | OK | |
r-patched-linux-x86_64 | 0.6.4 | 9.19 | 67.14 | 76.33 | OK | |
r-release-linux-x86_64 | 0.6.4 | 8.35 | 69.52 | 77.87 | OK | |
r-release-macos-arm64 | 0.6.4 | 33.00 | OK | |||
r-release-macos-x86_64 | 0.6.4 | 49.00 | OK | |||
r-release-windows-x86_64 | 0.6.4 | 14.00 | 85.00 | 99.00 | OK | |
r-oldrel-macos-arm64 | 0.6.4 | 32.00 | OK | |||
r-oldrel-windows-x86_64 | 0.6.4 | 14.00 | 91.00 | 105.00 | OK |
Version: 0.6.4
Check: compiled code
Result: NOTE
File ‘blockTools/libs/blockTools.so’:
Found no calls to: ‘R_registerRoutines’, ‘R_useDynamicSymbols’
It is good practice to register native routines and to disable symbol
search.
See ‘Writing portable packages’ in the ‘Writing R Extensions’ manual.
Flavors: r-devel-linux-x86_64-fedora-clang, r-devel-linux-x86_64-fedora-gcc