Last updated on 2024-04-18 18:57:27 CEST.
Flavor | Version | Tinstall | Tcheck | Ttotal | Status | Flags |
---|---|---|---|---|---|---|
r-devel-linux-x86_64-debian-clang | 4.9 | 5.55 | 59.07 | 64.62 | NOTE | |
r-devel-linux-x86_64-debian-gcc | 4.9 | 4.70 | 46.06 | 50.76 | NOTE | |
r-devel-linux-x86_64-fedora-clang | 4.9 | 81.79 | NOTE | |||
r-devel-linux-x86_64-fedora-gcc | 4.9 | 92.45 | NOTE | |||
r-prerel-macos-arm64 | 4.9 | 35.00 | NOTE | |||
r-prerel-windows-x86_64 | 4.9 | 5.00 | 71.00 | 76.00 | NOTE | |
r-patched-linux-x86_64 | 4.9 | 6.59 | 58.28 | 64.87 | NOTE | |
r-release-linux-x86_64 | 4.9 | 6.51 | 58.50 | 65.01 | OK | |
r-release-macos-arm64 | 4.9 | 35.00 | OK | |||
r-release-macos-x86_64 | 4.9 | 53.00 | OK | |||
r-release-windows-x86_64 | 4.9 | 7.00 | 76.00 | 83.00 | OK | |
r-oldrel-macos-arm64 | 4.9 | 29.00 | OK | |||
r-oldrel-windows-x86_64 | 4.9 | 7.00 | 74.00 | 81.00 | OK |
Version: 4.9
Check: Rd files
Result: NOTE
checkRd: (-1) durban.Rd:16: Lost braces; missing escapes or markup?
16 | This data set was obtained from the durban.rowcol {agridat} example in package 'agridat'
| ^
checkRd: (-1) fraction.Rd:30: Lost braces in \itemize; \value handles \item{}{} directly
checkRd: (-1) fraction.Rd:31-32: Lost braces in \itemize; \value handles \item{}{} directly
checkRd: (-1) fraction.Rd:33: Lost braces in \itemize; \value handles \item{}{} directly
Flavors: r-devel-linux-x86_64-debian-clang, r-devel-linux-x86_64-debian-gcc, r-devel-linux-x86_64-fedora-clang, r-devel-linux-x86_64-fedora-gcc, r-prerel-macos-arm64, r-prerel-windows-x86_64, r-patched-linux-x86_64