Last updated on 2024-03-28 17:49:23 CET.
Flavor | Version | Tinstall | Tcheck | Ttotal | Status | Flags |
---|---|---|---|---|---|---|
r-devel-linux-x86_64-debian-clang | 1.1-2 | 14.24 | 369.06 | 383.30 | OK | |
r-devel-linux-x86_64-debian-gcc | 1.1-2 | 9.15 | 282.89 | 292.04 | OK | |
r-devel-linux-x86_64-fedora-clang | 1.1-2 | 442.06 | OK | |||
r-devel-linux-x86_64-fedora-gcc | 1.1-2 | 496.86 | OK | |||
r-devel-windows-x86_64 | 1.1-2 | 11.00 | 155.00 | 166.00 | OK | |
r-patched-linux-x86_64 | 1.1-2 | 12.33 | 384.33 | 396.66 | OK | |
r-release-linux-x86_64 | 1.1-2 | 12.52 | 380.99 | 393.51 | OK | |
r-release-macos-arm64 | 1.1-2 | 106.00 | OK | |||
r-release-macos-x86_64 | 1.1-2 | 118.00 | NOTE | |||
r-release-windows-x86_64 | 1.1-2 | 14.00 | 202.00 | 216.00 | OK | |
r-oldrel-macos-arm64 | 1.1-2 | 77.00 | OK | |||
r-oldrel-windows-x86_64 | 1.1-2 | 14.00 | 204.00 | 218.00 | OK |
Version: 1.1-2
Check: package dependencies
Result: NOTE
Packages suggested but not available for checking:
'BayesFactor', 'rstan', 'rstanarm', 'MCMCpack'
Flavor: r-release-macos-x86_64