Last updated on 2024-05-07 18:49:39 CEST.
Flavor | Version | Tinstall | Tcheck | Ttotal | Status | Flags |
---|---|---|---|---|---|---|
r-devel-linux-x86_64-debian-clang | 2.0.1 | 704.44 | 189.26 | 893.70 | OK | |
r-devel-linux-x86_64-debian-gcc | 2.0.1 | 638.94 | 199.80 | 838.74 | OK | |
r-devel-linux-x86_64-fedora-clang | 2.0.1 | 1151.15 | OK | |||
r-devel-linux-x86_64-fedora-gcc | 2.0.1 | 1598.66 | OK | |||
r-devel-windows-x86_64 | 2.0.1 | 528.00 | 241.00 | 769.00 | NOTE | |
r-patched-linux-x86_64 | 2.0.1 | 785.95 | 257.20 | 1043.15 | OK | |
r-release-linux-x86_64 | 2.0.1 | 773.72 | 262.54 | 1036.26 | OK | |
r-release-macos-arm64 | 2.0.1 | 267.00 | NOTE | |||
r-release-macos-x86_64 | 2.0.1 | 343.00 | NOTE | |||
r-release-windows-x86_64 | 2.0.1 | 509.00 | 232.00 | 741.00 | NOTE | |
r-oldrel-macos-arm64 | 2.0.1 | 295.00 | NOTE | |||
r-oldrel-macos-x86_64 | 2.0.1 | 333.00 | NOTE | |||
r-oldrel-windows-x86_64 | 2.0.1 | 664.00 | 290.00 | 954.00 | NOTE |
Version: 2.0.1
Check: installed package size
Result: NOTE
installed size is 5.1Mb
sub-directories of 1Mb or more:
libs 2.8Mb
Flavors: r-devel-windows-x86_64, r-release-macos-arm64, r-release-macos-x86_64, r-release-windows-x86_64, r-oldrel-macos-arm64, r-oldrel-macos-x86_64, r-oldrel-windows-x86_64