Last updated on 2024-03-28 06:01:20 CET.
Flavor | Version | Tinstall | Tcheck | Ttotal | Status | Flags |
---|---|---|---|---|---|---|
r-devel-linux-x86_64-debian-clang | 2.3.0 | 56.07 | 555.84 | 611.91 | OK | |
r-devel-linux-x86_64-debian-gcc | 2.3.0 | 48.10 | 400.62 | 448.72 | OK | |
r-devel-linux-x86_64-fedora-clang | 2.3.0 | 814.83 | NOTE | |||
r-devel-linux-x86_64-fedora-gcc | 2.3.0 | 774.87 | OK | |||
r-devel-windows-x86_64 | 2.3.0 | 47.00 | 314.00 | 361.00 | NOTE | |
r-patched-linux-x86_64 | 2.3.0 | 64.76 | 522.58 | 587.34 | OK | |
r-release-linux-x86_64 | 2.3.0 | 55.29 | 537.37 | 592.66 | OK | |
r-release-macos-arm64 | 2.3.0 | 157.00 | NOTE | |||
r-release-macos-x86_64 | 2.3.0 | 348.00 | NOTE | |||
r-release-windows-x86_64 | 2.3.0 | 65.00 | 426.00 | 491.00 | NOTE | |
r-oldrel-macos-arm64 | 2.3.0 | 143.00 | NOTE | |||
r-oldrel-windows-x86_64 | 2.3.0 | 66.00 | 399.00 | 465.00 | NOTE |
Version: 2.3.0
Check: package dependencies
Result: NOTE
Package suggested but not available for checking: ‘tesseract’
Flavor: r-devel-linux-x86_64-fedora-clang
Version: 2.3.0
Check: installed package size
Result: NOTE
installed size is 7.5Mb
sub-directories of 1Mb or more:
doc 2.2Mb
pictures 4.2Mb
Flavors: r-devel-linux-x86_64-fedora-clang, r-devel-windows-x86_64, r-release-macos-arm64, r-release-macos-x86_64, r-release-windows-x86_64, r-oldrel-macos-arm64, r-oldrel-windows-x86_64
Version: 2.3.0
Check: Rd cross-references
Result: NOTE
Undeclared package ‘plotrix’ in Rd xrefs
Flavor: r-devel-linux-x86_64-fedora-clang