Last updated on 2024-04-23 06:56:49 CEST.
Flavor | Version | Tinstall | Tcheck | Ttotal | Status | Flags |
---|---|---|---|---|---|---|
r-devel-linux-x86_64-debian-clang | 3.0-5 | 3.05 | 26.07 | 29.12 | NOTE | |
r-devel-linux-x86_64-debian-gcc | 3.0-5 | 2.92 | 20.50 | 23.42 | NOTE | |
r-devel-linux-x86_64-fedora-clang | 3.0-5 | 38.40 | NOTE | |||
r-devel-linux-x86_64-fedora-gcc | 3.0-5 | 37.32 | NOTE | |||
r-prerel-macos-arm64 | 3.0-5 | 16.00 | NOTE | |||
r-prerel-windows-x86_64 | 3.0-5 | 5.00 | 52.00 | 57.00 | NOTE | |
r-patched-linux-x86_64 | 3.0-5 | 5.72 | 26.13 | 31.85 | NOTE | |
r-release-linux-x86_64 | 3.0-5 | 3.06 | 26.94 | 30.00 | NOTE | |
r-release-macos-arm64 | 3.0-5 | 18.00 | NOTE | |||
r-release-macos-x86_64 | 3.0-5 | 23.00 | NOTE | |||
r-release-windows-x86_64 | 3.0-5 | 5.00 | 53.00 | 58.00 | NOTE | |
r-oldrel-macos-arm64 | 3.0-5 | 17.00 | OK | |||
r-oldrel-windows-x86_64 | 3.0-5 | 7.00 | 56.00 | 63.00 | OK |
Version: 3.0-5
Check: Rd files
Result: NOTE
checkRd: (-1) States.Rd:48: Escaped LaTeX specials: \$
Flavors: r-devel-linux-x86_64-debian-clang, r-devel-linux-x86_64-debian-gcc, r-devel-linux-x86_64-fedora-clang, r-devel-linux-x86_64-fedora-gcc, r-prerel-macos-arm64, r-prerel-windows-x86_64, r-patched-linux-x86_64, r-release-linux-x86_64, r-release-macos-arm64, r-release-macos-x86_64, r-release-windows-x86_64