Last updated on 2024-05-07 18:49:40 CEST.
Flavor | Version | Tinstall | Tcheck | Ttotal | Status | Flags |
---|---|---|---|---|---|---|
r-devel-linux-x86_64-debian-clang | 0.1.0 | 8.87 | 56.07 | 64.94 | NOTE | |
r-devel-linux-x86_64-debian-gcc | 0.1.0 | 6.37 | 41.89 | 48.26 | NOTE | |
r-devel-linux-x86_64-fedora-clang | 0.1.0 | 83.53 | NOTE | |||
r-devel-linux-x86_64-fedora-gcc | 0.1.0 | 137.06 | NOTE | |||
r-devel-windows-x86_64 | 0.1.0 | 9.00 | 69.00 | 78.00 | NOTE | |
r-patched-linux-x86_64 | 0.1.0 | 8.17 | 52.38 | 60.55 | NOTE | |
r-release-linux-x86_64 | 0.1.0 | 7.68 | 53.77 | 61.45 | NOTE | |
r-release-macos-arm64 | 0.1.0 | 40.00 | NOTE | |||
r-release-windows-x86_64 | 0.1.0 | 9.00 | 75.00 | 84.00 | NOTE | |
r-oldrel-macos-arm64 | 0.1.0 | 36.00 | NOTE | |||
r-oldrel-macos-x86_64 | 0.1.0 | 53.00 | NOTE | |||
r-oldrel-windows-x86_64 | 0.1.0 | 12.00 | 70.00 | 82.00 | NOTE |
Version: 0.1.0
Check: LazyData
Result: NOTE
'LazyData' is specified without a 'data' directory
Flavors: r-devel-linux-x86_64-debian-clang, r-devel-linux-x86_64-debian-gcc, r-devel-linux-x86_64-fedora-clang, r-devel-linux-x86_64-fedora-gcc, r-devel-windows-x86_64, r-patched-linux-x86_64, r-release-linux-x86_64, r-release-macos-arm64, r-release-windows-x86_64, r-oldrel-macos-arm64, r-oldrel-macos-x86_64, r-oldrel-windows-x86_64
Version: 0.1.0
Check: dependencies in R code
Result: NOTE
Namespaces in Imports field not imported from:
‘R6’ ‘crayon’ ‘dplyr’ ‘tidyr’
All declared Imports should be used.
Flavors: r-devel-linux-x86_64-fedora-clang, r-devel-linux-x86_64-fedora-gcc