Last updated on 2024-04-23 18:50:50 CEST.
Flavor | Version | Tinstall | Tcheck | Ttotal | Status | Flags |
---|---|---|---|---|---|---|
r-devel-linux-x86_64-debian-clang | 0.3-1 | 268.61 | 66.57 | 335.18 | OK | |
r-devel-linux-x86_64-debian-gcc | 0.3-1 | 206.91 | 47.20 | 254.11 | OK | |
r-devel-linux-x86_64-fedora-clang | 0.3-1 | 463.85 | OK | |||
r-devel-linux-x86_64-fedora-gcc | 0.3-1 | 480.87 | OK | |||
r-prerel-macos-arm64 | 0.3-1 | 79.00 | NOTE | |||
r-prerel-windows-x86_64 | 0.3-1 | 183.00 | 95.00 | 278.00 | OK | |
r-patched-linux-x86_64 | 0.3-1 | 261.97 | 62.10 | 324.07 | OK | |
r-release-linux-x86_64 | 0.3-1 | 265.76 | 61.52 | 327.28 | OK | |
r-release-macos-arm64 | 0.3-1 | 97.00 | NOTE | |||
r-release-macos-x86_64 | 0.3-1 | 127.00 | NOTE | |||
r-release-windows-x86_64 | 0.3-1 | 236.00 | 113.00 | 349.00 | OK | |
r-oldrel-macos-arm64 | 0.3-1 | 98.00 | NOTE | |||
r-oldrel-windows-x86_64 | 0.3-1 | 214.00 | 108.00 | 322.00 | OK |
Version: 0.3-1
Check: installed package size
Result: NOTE
installed size is 17.6Mb
sub-directories of 1Mb or more:
libs 17.3Mb
Flavors: r-prerel-macos-arm64, r-release-macos-arm64, r-release-macos-x86_64, r-oldrel-macos-arm64