Last updated on 2024-03-28 17:49:23 CET.
Flavor | Version | Tinstall | Tcheck | Ttotal | Status | Flags |
---|---|---|---|---|---|---|
r-devel-linux-x86_64-debian-clang | 0.1.2 | 30.86 | 33.00 | 63.86 | NOTE | |
r-devel-linux-x86_64-debian-gcc | 0.1.2 | 23.09 | 25.78 | 48.87 | NOTE | |
r-devel-linux-x86_64-fedora-clang | 0.1.2 | 92.20 | NOTE | |||
r-devel-linux-x86_64-fedora-gcc | 0.1.2 | 90.68 | NOTE | |||
r-devel-windows-x86_64 | 0.1.2 | 27.00 | 63.00 | 90.00 | NOTE | |
r-patched-linux-x86_64 | 0.1.2 | 29.78 | 31.90 | 61.68 | NOTE | |
r-release-linux-x86_64 | 0.1.2 | 31.59 | 32.82 | 64.41 | NOTE | |
r-release-macos-arm64 | 0.1.2 | 50.00 | NOTE | |||
r-release-macos-x86_64 | 0.1.2 | 80.00 | NOTE | |||
r-release-windows-x86_64 | 0.1.2 | 33.00 | 73.00 | 106.00 | NOTE | |
r-oldrel-macos-arm64 | 0.1.2 | 45.00 | NOTE | |||
r-oldrel-windows-x86_64 | 0.1.2 | 31.00 | 72.00 | 103.00 | NOTE |
Version: 0.1.2
Check: LazyData
Result: NOTE
'LazyData' is specified without a 'data' directory
Flavors: r-devel-linux-x86_64-debian-clang, r-devel-linux-x86_64-debian-gcc, r-devel-linux-x86_64-fedora-clang, r-devel-linux-x86_64-fedora-gcc, r-devel-windows-x86_64, r-patched-linux-x86_64, r-release-linux-x86_64, r-release-macos-arm64, r-release-macos-x86_64, r-release-windows-x86_64, r-oldrel-macos-arm64, r-oldrel-windows-x86_64