Last updated on 2024-05-07 18:49:40 CEST.
Flavor | Version | Tinstall | Tcheck | Ttotal | Status | Flags |
---|---|---|---|---|---|---|
r-devel-linux-x86_64-debian-clang | 0.1.0 | 4.51 | 32.59 | 37.10 | NOTE | |
r-devel-linux-x86_64-debian-gcc | 0.1.0 | 3.78 | 24.44 | 28.22 | NOTE | |
r-devel-linux-x86_64-fedora-clang | 0.1.0 | 50.88 | NOTE | |||
r-devel-linux-x86_64-fedora-gcc | 0.1.0 | 54.40 | NOTE | |||
r-devel-windows-x86_64 | 0.1.0 | 8.00 | 51.00 | 59.00 | NOTE | |
r-patched-linux-x86_64 | 0.1.0 | 5.98 | 29.73 | 35.71 | NOTE | |
r-release-linux-x86_64 | 0.1.0 | 4.91 | 30.25 | 35.16 | NOTE | |
r-release-macos-arm64 | 0.1.0 | 19.00 | NOTE | |||
r-release-windows-x86_64 | 0.1.0 | 7.00 | 50.00 | 57.00 | NOTE | |
r-oldrel-macos-arm64 | 0.1.0 | 24.00 | OK | |||
r-oldrel-macos-x86_64 | 0.1.0 | 44.00 | OK | |||
r-oldrel-windows-x86_64 | 0.1.0 | 9.00 | 52.00 | 61.00 | OK |
Version: 0.1.0
Check: Rd files
Result: NOTE
checkRd: (-1) as.data.frame.checkglobals.Rd:43: Lost braces; missing escapes or markup?
43 | \item \code{type}, the type of the detected entity, either \code{"global"} or {"import"}.
| ^
checkRd: (-1) as.matrix.checkglobals.Rd:32: Lost braces; missing escapes or markup?
32 | \item \code{type}, the type of the detected entity, either \code{"global"} or {"import"}.
| ^
Flavors: r-devel-linux-x86_64-debian-clang, r-devel-linux-x86_64-debian-gcc, r-devel-linux-x86_64-fedora-clang, r-devel-linux-x86_64-fedora-gcc, r-devel-windows-x86_64, r-patched-linux-x86_64, r-release-linux-x86_64, r-release-macos-arm64, r-release-windows-x86_64