Last updated on 2024-03-28 17:49:24 CET.
Flavor | Version | Tinstall | Tcheck | Ttotal | Status | Flags |
---|---|---|---|---|---|---|
r-devel-linux-x86_64-debian-clang | 0.75 | 54.01 | 303.61 | 357.62 | OK | |
r-devel-linux-x86_64-debian-gcc | 0.75 | 37.94 | 220.02 | 257.96 | OK | |
r-devel-linux-x86_64-fedora-clang | 0.75 | 454.78 | NOTE | |||
r-devel-linux-x86_64-fedora-gcc | 0.75 | 473.11 | OK | |||
r-devel-windows-x86_64 | 0.75 | 39.00 | 282.00 | 321.00 | OK | |
r-patched-linux-x86_64 | 0.75 | 49.90 | 294.20 | 344.10 | OK | |
r-release-linux-x86_64 | 0.75 | 45.86 | 292.96 | 338.82 | OK | |
r-release-macos-arm64 | 0.75 | 123.00 | OK | |||
r-release-macos-x86_64 | 0.75 | 315.00 | OK | |||
r-release-windows-x86_64 | 0.75 | 54.00 | 354.00 | 408.00 | OK | |
r-oldrel-macos-arm64 | 0.75 | 108.00 | OK | |||
r-oldrel-windows-x86_64 | 0.75 | 56.00 | 328.00 | 384.00 | OK |
Version: 0.75
Check: package dependencies
Result: NOTE
Imports includes 29 non-default packages.
Importing from so many packages makes the package vulnerable to any of
them becoming unavailable. Move as many as possible to Suggests and
use conditionally.
Flavor: r-devel-linux-x86_64-fedora-clang