Last updated on 2024-04-23 18:50:50 CEST.
Flavor | Version | Tinstall | Tcheck | Ttotal | Status | Flags |
---|---|---|---|---|---|---|
r-devel-linux-x86_64-debian-clang | 0.8.0 | 50.65 | 554.94 | 605.59 | OK | |
r-devel-linux-x86_64-debian-gcc | 0.8.0 | 34.87 | 382.59 | 417.46 | OK | |
r-devel-linux-x86_64-fedora-clang | 0.8.0 | 761.87 | NOTE | |||
r-devel-linux-x86_64-fedora-gcc | 0.8.0 | 766.38 | OK | |||
r-prerel-macos-arm64 | 0.8.0 | 152.00 | NOTE | |||
r-prerel-windows-x86_64 | 0.8.0 | 42.00 | 334.00 | 376.00 | NOTE | |
r-patched-linux-x86_64 | 0.8.0 | 47.89 | 522.16 | 570.05 | OK | |
r-release-linux-x86_64 | 0.8.0 | 44.36 | 520.05 | 564.41 | OK | |
r-release-macos-arm64 | 0.8.0 | 172.00 | NOTE | |||
r-release-macos-x86_64 | 0.8.0 | 310.00 | NOTE | |||
r-release-windows-x86_64 | 0.8.0 | 54.00 | 459.00 | 513.00 | NOTE | |
r-oldrel-macos-arm64 | 0.8.0 | 120.00 | NOTE | |||
r-oldrel-windows-x86_64 | 0.8.0 | 51.00 | 439.00 | 490.00 | NOTE |
Version: 0.8.0
Check: installed package size
Result: NOTE
installed size is 5.5Mb
sub-directories of 1Mb or more:
doc 1.5Mb
help 2.2Mb
Flavors: r-devel-linux-x86_64-fedora-clang, r-prerel-macos-arm64, r-prerel-windows-x86_64, r-release-macos-arm64, r-release-macos-x86_64, r-release-windows-x86_64, r-oldrel-macos-arm64, r-oldrel-windows-x86_64