Last updated on 2024-04-19 19:50:10 CEST.
Flavor | Version | Tinstall | Tcheck | Ttotal | Status | Flags |
---|---|---|---|---|---|---|
r-devel-linux-x86_64-debian-clang | 1.1.1 | 7.79 | 54.91 | 62.70 | OK | |
r-devel-linux-x86_64-debian-gcc | 1.1.1 | OK | ||||
r-devel-linux-x86_64-fedora-clang | 1.1.1 | 77.63 | NOTE | |||
r-devel-linux-x86_64-fedora-gcc | 1.1.1 | 77.94 | OK | |||
r-prerel-macos-arm64 | 1.1.1 | 27.00 | NOTE | |||
r-prerel-windows-x86_64 | 1.1.1 | 7.00 | 64.00 | 71.00 | NOTE | |
r-patched-linux-x86_64 | 1.1.1 | 5.74 | 52.76 | 58.50 | OK | |
r-release-linux-x86_64 | 1.1.1 | 6.03 | 51.31 | 57.34 | OK | |
r-release-macos-arm64 | 1.1.1 | 28.00 | NOTE | |||
r-release-macos-x86_64 | 1.1.1 | 42.00 | NOTE | |||
r-release-windows-x86_64 | 1.1.1 | 9.00 | 71.00 | 80.00 | NOTE | |
r-oldrel-macos-arm64 | 1.1.1 | 27.00 | NOTE | |||
r-oldrel-windows-x86_64 | 1.1.1 | 10.00 | 76.00 | 86.00 | NOTE |
Version: 1.1.1
Check: installed package size
Result: NOTE
installed size is 18.0Mb
sub-directories of 1Mb or more:
data 17.9Mb
Flavors: r-devel-linux-x86_64-fedora-clang, r-prerel-macos-arm64, r-prerel-windows-x86_64, r-release-macos-arm64, r-release-macos-x86_64, r-release-windows-x86_64, r-oldrel-macos-arm64, r-oldrel-windows-x86_64