Last updated on 2024-03-28 17:49:24 CET.
Flavor | Version | Tinstall | Tcheck | Ttotal | Status | Flags |
---|---|---|---|---|---|---|
r-devel-linux-x86_64-debian-clang | 2.3.1 | 3.36 | 35.89 | 39.25 | NOTE | |
r-devel-linux-x86_64-debian-gcc | 2.3.1 | 2.63 | 27.99 | 30.62 | NOTE | |
r-devel-linux-x86_64-fedora-clang | 2.3.1 | 50.53 | NOTE | |||
r-devel-linux-x86_64-fedora-gcc | 2.3.1 | 62.89 | NOTE | |||
r-devel-windows-x86_64 | 2.3.1 | 4.00 | 50.00 | 54.00 | NOTE | |
r-patched-linux-x86_64 | 2.3.1 | 4.36 | 34.92 | 39.28 | NOTE | |
r-release-linux-x86_64 | 2.3.1 | 3.66 | 34.30 | 37.96 | OK | |
r-release-macos-arm64 | 2.3.1 | 37.00 | OK | |||
r-release-macos-x86_64 | 2.3.1 | 67.00 | OK | |||
r-release-windows-x86_64 | 2.3.1 | 4.00 | 50.00 | 54.00 | OK | |
r-oldrel-macos-arm64 | 2.3.1 | 31.00 | OK | |||
r-oldrel-windows-x86_64 | 2.3.1 | 7.00 | 50.00 | 57.00 | OK |
Version: 2.3.1
Check: Rd files
Result: NOTE
checkRd: (-1) doseFind.Rd:63: Lost braces in \itemize; meant \describe ?
checkRd: (-1) doseFind.Rd:64: Lost braces in \itemize; meant \describe ?
checkRd: (-1) doseFind.Rd:50: Lost braces in \itemize; \value handles \item{}{} directly
checkRd: (-1) doseFind.Rd:51: Lost braces in \itemize; \value handles \item{}{} directly
checkRd: (-1) doseFind.Rd:52: Lost braces in \itemize; \value handles \item{}{} directly
checkRd: (-1) doseFind.Rd:53: Lost braces in \itemize; \value handles \item{}{} directly
checkRd: (-1) quickInverse.Rd:56: Lost braces in \itemize; \value handles \item{}{} directly
checkRd: (-1) quickInverse.Rd:57: Lost braces in \itemize; \value handles \item{}{} directly
checkRd: (-1) quickInverse.Rd:58: Lost braces in \itemize; \value handles \item{}{} directly
checkRd: (-1) quickIsotone.Rd:44: Lost braces in \itemize; \value handles \item{}{} directly
checkRd: (-1) quickIsotone.Rd:45: Lost braces in \itemize; \value handles \item{}{} directly
checkRd: (-1) quickIsotone.Rd:46: Lost braces in \itemize; \value handles \item{}{} directly
Flavors: r-devel-linux-x86_64-debian-clang, r-devel-linux-x86_64-debian-gcc, r-devel-linux-x86_64-fedora-clang, r-devel-linux-x86_64-fedora-gcc, r-devel-windows-x86_64, r-patched-linux-x86_64