Last updated on 2024-05-07 06:55:46 CEST.
Flavor | Version | Tinstall | Tcheck | Ttotal | Status | Flags |
---|---|---|---|---|---|---|
r-devel-linux-x86_64-debian-clang | 0.5.2 | 5.78 | 55.84 | 61.62 | OK | |
r-devel-linux-x86_64-debian-gcc | 0.5.2 | 4.03 | 42.52 | 46.55 | OK | |
r-devel-linux-x86_64-fedora-clang | 0.5.2 | 79.15 | NOTE | |||
r-devel-linux-x86_64-fedora-gcc | 0.5.2 | 108.14 | NOTE | |||
r-devel-windows-x86_64 | 0.5.2 | 8.00 | 87.00 | 95.00 | OK | |
r-patched-linux-x86_64 | 0.5.2 | 4.28 | 56.00 | 60.28 | OK | |
r-release-linux-x86_64 | 0.5.2 | 4.79 | 55.39 | 60.18 | OK | |
r-release-macos-arm64 | 0.5.2 | 57.00 | OK | |||
r-release-windows-x86_64 | 0.5.2 | 7.00 | 88.00 | 95.00 | OK | |
r-oldrel-macos-arm64 | 0.5.2 | 45.00 | OK | |||
r-oldrel-macos-x86_64 | 0.5.2 | 60.00 | OK | |||
r-oldrel-windows-x86_64 | 0.5.2 | 10.00 | 93.00 | 103.00 | OK |
Version: 0.5.2
Check: data for non-ASCII characters
Result: NOTE
Note: found 10332 marked UTF-8 strings
Flavors: r-devel-linux-x86_64-fedora-clang, r-devel-linux-x86_64-fedora-gcc