Last updated on 2024-04-23 06:56:50 CEST.
Flavor | Version | Tinstall | Tcheck | Ttotal | Status | Flags |
---|---|---|---|---|---|---|
r-devel-linux-x86_64-debian-clang | 1.2 | 2.63 | 23.24 | 25.87 | NOTE | |
r-devel-linux-x86_64-debian-gcc | 1.2 | 1.98 | 17.70 | 19.68 | NOTE | |
r-devel-linux-x86_64-fedora-clang | 1.2 | 33.09 | NOTE | |||
r-devel-linux-x86_64-fedora-gcc | 1.2 | 34.31 | NOTE | |||
r-prerel-macos-arm64 | 1.2 | 14.00 | NOTE | |||
r-prerel-windows-x86_64 | 1.2 | 4.00 | 38.00 | 42.00 | NOTE | |
r-patched-linux-x86_64 | 1.2 | 2.72 | 22.50 | 25.22 | NOTE | |
r-release-linux-x86_64 | 1.2 | 2.50 | 21.97 | 24.47 | OK | |
r-release-macos-arm64 | 1.2 | 14.00 | OK | |||
r-release-macos-x86_64 | 1.2 | 19.00 | OK | |||
r-release-windows-x86_64 | 1.2 | 3.00 | 39.00 | 42.00 | OK | |
r-oldrel-macos-arm64 | 1.2 | 15.00 | OK | |||
r-oldrel-windows-x86_64 | 1.2 | 6.00 | 46.00 | 52.00 | OK |
Version: 1.2
Check: Rd files
Result: NOTE
checkRd: (-1) clinsig.Rd:129: Lost braces
129 | be calculated with the measures specified in samp{mct} and samp{disp},
| ^
checkRd: (-1) clinsig.Rd:129: Lost braces
129 | be calculated with the measures specified in samp{mct} and samp{disp},
| ^
Flavors: r-devel-linux-x86_64-debian-clang, r-devel-linux-x86_64-debian-gcc, r-devel-linux-x86_64-fedora-clang, r-devel-linux-x86_64-fedora-gcc, r-prerel-macos-arm64, r-prerel-windows-x86_64, r-patched-linux-x86_64