Last updated on 2024-03-28 17:49:24 CET.
Flavor | Version | Tinstall | Tcheck | Ttotal | Status | Flags |
---|---|---|---|---|---|---|
r-devel-linux-x86_64-debian-clang | 0.3-2.4 | 7.69 | 39.46 | 47.15 | OK | |
r-devel-linux-x86_64-debian-gcc | 0.3-2.4 | 6.28 | 29.43 | 35.71 | OK | |
r-devel-linux-x86_64-fedora-clang | 0.3-2.4 | 56.56 | NOTE | |||
r-devel-linux-x86_64-fedora-gcc | 0.3-2.4 | 55.79 | NOTE | |||
r-devel-windows-x86_64 | 0.3-2.4 | 11.00 | 53.00 | 64.00 | OK | |
r-patched-linux-x86_64 | 0.3-2.4 | 7.91 | 37.88 | 45.79 | OK | |
r-release-linux-x86_64 | 0.3-2.4 | 7.75 | 37.58 | 45.33 | OK | |
r-release-macos-arm64 | 0.3-2.4 | 26.00 | OK | |||
r-release-macos-x86_64 | 0.3-2.4 | 51.00 | OK | |||
r-release-windows-x86_64 | 0.3-2.4 | 12.00 | 58.00 | 70.00 | OK | |
r-oldrel-macos-arm64 | 0.3-2.4 | 25.00 | OK | |||
r-oldrel-windows-x86_64 | 0.3-2.4 | 12.00 | 59.00 | 71.00 | OK |
Version: 0.3-2.4
Check: compiled code
Result: NOTE
File ‘clv/libs/clv.so’:
Found no calls to: ‘R_registerRoutines’, ‘R_useDynamicSymbols’
It is good practice to register native routines and to disable symbol
search.
See ‘Writing portable packages’ in the ‘Writing R Extensions’ manual.
Flavors: r-devel-linux-x86_64-fedora-clang, r-devel-linux-x86_64-fedora-gcc