Last updated on 2024-04-19 19:50:10 CEST.
Flavor | Version | Tinstall | Tcheck | Ttotal | Status | Flags |
---|---|---|---|---|---|---|
r-devel-linux-x86_64-debian-clang | 0.9.2 | 9.29 | 74.83 | 84.12 | NOTE | |
r-devel-linux-x86_64-debian-gcc | 0.9.2 | NOTE | ||||
r-devel-linux-x86_64-fedora-clang | 0.9.2 | 106.64 | NOTE | |||
r-devel-linux-x86_64-fedora-gcc | 0.9.2 | 122.20 | NOTE | |||
r-prerel-macos-arm64 | 0.9.2 | 33.00 | NOTE | |||
r-prerel-windows-x86_64 | 0.9.2 | 11.00 | 71.00 | 82.00 | NOTE | |
r-patched-linux-x86_64 | 0.9.2 | 9.91 | 71.11 | 81.02 | NOTE | |
r-release-linux-x86_64 | 0.9.2 | 9.30 | 75.94 | 85.24 | NOTE | |
r-release-macos-arm64 | 0.9.2 | 36.00 | NOTE | |||
r-release-macos-x86_64 | 0.9.2 | 60.00 | NOTE | |||
r-release-windows-x86_64 | 0.9.2 | 13.00 | 85.00 | 98.00 | NOTE | |
r-oldrel-macos-arm64 | 0.9.2 | 55.00 | OK | |||
r-oldrel-windows-x86_64 | 0.9.2 | 13.00 | 130.00 | 143.00 | OK |
Version: 0.9.2
Check: Rd files
Result: NOTE
checkRd: (-1) plot.predict.crrQR.Rd:18: Escaped LaTeX specials: \#
checkRd: (-1) plot.predict.crrQR.Rd:22: Escaped LaTeX specials: \#
Flavors: r-devel-linux-x86_64-debian-clang, r-devel-linux-x86_64-debian-gcc, r-devel-linux-x86_64-fedora-clang, r-devel-linux-x86_64-fedora-gcc, r-prerel-macos-arm64, r-prerel-windows-x86_64, r-patched-linux-x86_64, r-release-linux-x86_64, r-release-macos-arm64, r-release-macos-x86_64, r-release-windows-x86_64