Last updated on 2024-03-28 17:49:24 CET.
Flavor | Version | Tinstall | Tcheck | Ttotal | Status | Flags |
---|---|---|---|---|---|---|
r-devel-linux-x86_64-debian-clang | 3.5.0 | 2.49 | 26.14 | 28.63 | OK | |
r-devel-linux-x86_64-debian-gcc | 3.5.0 | 2.20 | 20.80 | 23.00 | OK | |
r-devel-linux-x86_64-fedora-clang | 3.5.0 | 37.58 | NOTE | |||
r-devel-linux-x86_64-fedora-gcc | 3.5.0 | 36.92 | NOTE | |||
r-devel-windows-x86_64 | 3.5.0 | 5.00 | 47.00 | 52.00 | OK | |
r-patched-linux-x86_64 | 3.5.0 | 1.88 | 25.96 | 27.84 | OK | |
r-release-linux-x86_64 | 3.5.0 | 1.73 | 24.78 | 26.51 | OK | |
r-release-macos-arm64 | 3.5.0 | 19.00 | OK | |||
r-release-macos-x86_64 | 3.5.0 | 30.00 | OK | |||
r-release-windows-x86_64 | 3.5.0 | 5.00 | 46.00 | 51.00 | OK | |
r-oldrel-macos-arm64 | 3.5.0 | 22.00 | OK | |||
r-oldrel-windows-x86_64 | 3.5.0 | 7.00 | 51.00 | 58.00 | OK |
Version: 3.5.0
Check: dependencies in R code
Result: NOTE
Namespaces in Imports field not imported from:
‘FNN’ ‘R.utils’ ‘SearchTrees’ ‘colorspace’ ‘colourpicker’
‘data.table’ ‘maps’ ‘ncdf4’ ‘raster’ ‘shinyFiles’ ‘shinyWidgets’
‘shinyjs’ ‘shinythemes’ ‘tcltk’ ‘xml2’
All declared Imports should be used.
Flavors: r-devel-linux-x86_64-fedora-clang, r-devel-linux-x86_64-fedora-gcc