Last updated on 2024-05-07 18:49:40 CEST.
Flavor | Version | Tinstall | Tcheck | Ttotal | Status | Flags |
---|---|---|---|---|---|---|
r-devel-linux-x86_64-debian-clang | 1.1.1 | 9.24 | 289.59 | 298.83 | OK | |
r-devel-linux-x86_64-debian-gcc | 1.1.1 | 6.75 | 201.83 | 208.58 | OK | |
r-devel-linux-x86_64-fedora-clang | 1.1.1 | 356.43 | NOTE | |||
r-devel-linux-x86_64-fedora-gcc | 1.1.1 | 371.03 | NOTE | |||
r-devel-windows-x86_64 | 1.1.1 | 10.00 | 290.00 | 300.00 | OK | |
r-patched-linux-x86_64 | 1.1.1 | 9.94 | 273.73 | 283.67 | OK | |
r-release-linux-x86_64 | 1.1.1 | 8.39 | 271.66 | 280.05 | OK | |
r-release-macos-arm64 | 1.1.1 | 124.00 | OK | |||
r-release-windows-x86_64 | 1.1.1 | 11.00 | 284.00 | 295.00 | OK | |
r-oldrel-macos-arm64 | 1.1.1 | 134.00 | OK | |||
r-oldrel-macos-x86_64 | 1.1.1 | 221.00 | OK | |||
r-oldrel-windows-x86_64 | 1.1.1 | 13.00 | 366.00 | 379.00 | OK |
Version: 1.1.1
Check: data for non-ASCII characters
Result: NOTE
Note: found 89 marked Latin-1 strings
Note: found 1203 marked UTF-8 strings
Flavors: r-devel-linux-x86_64-fedora-clang, r-devel-linux-x86_64-fedora-gcc