Last updated on 2024-05-07 18:49:41 CEST.
Flavor | Version | Tinstall | Tcheck | Ttotal | Status | Flags |
---|---|---|---|---|---|---|
r-devel-linux-x86_64-debian-clang | 2.0.0 | 47.75 | 54.30 | 102.05 | NOTE | |
r-devel-linux-x86_64-debian-gcc | 2.0.0 | 37.83 | 57.62 | 95.45 | NOTE | |
r-devel-linux-x86_64-fedora-clang | 2.0.0 | 137.97 | NOTE | |||
r-devel-linux-x86_64-fedora-gcc | 2.0.0 | 194.34 | NOTE | |||
r-devel-windows-x86_64 | 2.0.0 | 39.00 | 82.00 | 121.00 | NOTE | |
r-patched-linux-x86_64 | 2.0.0 | 47.61 | 68.75 | 116.36 | NOTE | |
r-release-linux-x86_64 | 2.0.0 | 46.04 | 63.41 | 109.45 | NOTE | |
r-release-macos-arm64 | 2.0.0 | 37.00 | NOTE | |||
r-release-windows-x86_64 | 2.0.0 | 39.00 | 81.00 | 120.00 | NOTE | |
r-oldrel-macos-arm64 | 2.0.0 | 38.00 | NOTE | |||
r-oldrel-macos-x86_64 | 2.0.0 | 68.00 | NOTE | |||
r-oldrel-windows-x86_64 | 2.0.0 | 46.00 | 93.00 | 139.00 | NOTE |
Version: 2.0.0
Check: C++ specification
Result: NOTE
Specified C++11: please drop specification unless essential
Flavors: r-devel-linux-x86_64-debian-clang, r-devel-linux-x86_64-debian-gcc, r-devel-linux-x86_64-fedora-clang, r-devel-linux-x86_64-fedora-gcc, r-devel-windows-x86_64, r-patched-linux-x86_64, r-release-linux-x86_64, r-release-macos-arm64, r-release-windows-x86_64, r-oldrel-macos-arm64, r-oldrel-macos-x86_64, r-oldrel-windows-x86_64