CRAN Package Check Results for Package compositions

Last updated on 2018-10-21 06:46:29 CEST.

Flavor Version Tinstall Tcheck Ttotal Status Flags
r-devel-linux-x86_64-debian-clang 1.40-2 15.87 142.50 158.37 OK
r-devel-linux-x86_64-debian-gcc 1.40-2 15.61 110.34 125.95 OK
r-devel-linux-x86_64-fedora-clang 1.40-2 191.72 OK
r-devel-linux-x86_64-fedora-gcc 1.40-2 188.38 OK
r-devel-windows-ix86+x86_64 1.40-2 40.00 282.00 322.00 OK
r-patched-linux-x86_64 1.40-2 18.91 137.53 156.44 OK
r-patched-solaris-x86 1.40-2 235.50 OK
r-release-linux-x86_64 1.40-2 17.79 119.74 137.53 ERROR
r-release-windows-ix86+x86_64 1.40-2 37.00 286.00 323.00 OK
r-release-osx-x86_64 1.40-2 OK
r-oldrel-windows-ix86+x86_64 1.40-2 15.00 328.00 343.00 OK
r-oldrel-osx-x86_64 1.40-2 OK

Check Details

Version: 1.40-2
Check: package dependencies
Result: NOTE
    Package suggested but not available for checking: ‘rgl’
Flavor: r-release-linux-x86_64

Version: 1.40-2
Check: examples
Result: ERROR
    Running examples in ‘compositions-Ex.R’ failed
    The error most likely occurred in:
    
    > base::assign(".ptime", proc.time(), pos = "CheckExEnv")
    > ### Name: arrows3D
    > ### Title: arrows in 3D, based on package rgl
    > ### Aliases: arrows3D arrows3D.default
    > ### Keywords: multivariate
    >
    > ### ** Examples
    >
    > x <- cbind(rnorm(10),rnorm(10),rnorm(10))
    > plot3D(x)
    Loading required namespace: rgl
    Failed with error: ‘there is no package called ‘rgl’’
    Loading required namespace: rgl
    Failed with error: ‘there is no package called ‘rgl’’
    Error in loadNamespace(name) : there is no package called ‘rgl’
    Calls: plot3D ... tryCatch -> tryCatchList -> tryCatchOne -> <Anonymous>
    Execution halted
Flavor: r-release-linux-x86_64