Last updated on 2024-05-07 18:49:41 CEST.
Flavor | Version | Tinstall | Tcheck | Ttotal | Status | Flags |
---|---|---|---|---|---|---|
r-devel-linux-x86_64-debian-clang | 0.1.6 | 3.95 | 46.25 | 50.20 | NOTE | |
r-devel-linux-x86_64-debian-gcc | 0.1.6 | 2.20 | 34.48 | 36.68 | NOTE | |
r-devel-linux-x86_64-fedora-clang | 0.1.6 | 62.73 | NOTE | |||
r-devel-linux-x86_64-fedora-gcc | 0.1.6 | 84.62 | NOTE | |||
r-devel-windows-x86_64 | 0.1.6 | 4.00 | 67.00 | 71.00 | NOTE | |
r-patched-linux-x86_64 | 0.1.6 | 2.82 | 44.25 | 47.07 | NOTE | |
r-release-linux-x86_64 | 0.1.6 | 3.46 | 43.99 | 47.45 | NOTE | |
r-release-macos-arm64 | 0.1.6 | 28.00 | NOTE | |||
r-release-windows-x86_64 | 0.1.6 | 4.00 | 67.00 | 71.00 | NOTE | |
r-oldrel-macos-arm64 | 0.1.6 | 29.00 | OK | |||
r-oldrel-macos-x86_64 | 0.1.6 | 44.00 | OK | |||
r-oldrel-windows-x86_64 | 0.1.6 | 6.00 | 65.00 | 71.00 | OK |
Version: 0.1.6
Check: Rd files
Result: NOTE
checkRd: (-1) concstats_hhi.Rd:13: Lost braces; missing escapes or markup?
13 | value is required. Ranges from {0, 1} and often used for comparison over
| ^
Flavors: r-devel-linux-x86_64-debian-clang, r-devel-linux-x86_64-debian-gcc, r-devel-linux-x86_64-fedora-clang, r-devel-linux-x86_64-fedora-gcc, r-devel-windows-x86_64, r-patched-linux-x86_64, r-release-linux-x86_64, r-release-macos-arm64, r-release-windows-x86_64