Last updated on 2024-05-02 07:10:46 CEST.
Flavor | Version | Tinstall | Tcheck | Ttotal | Status | Flags |
---|---|---|---|---|---|---|
r-devel-linux-x86_64-debian-clang | 0.2.5 | 7.12 | 56.80 | 63.92 | NOTE | |
r-devel-linux-x86_64-debian-gcc | 0.2.5 | 3.99 | 39.59 | 43.58 | NOTE | |
r-devel-linux-x86_64-fedora-clang | 0.2.5 | 76.34 | NOTE | |||
r-devel-linux-x86_64-fedora-gcc | 0.2.5 | 83.02 | NOTE | |||
r-devel-windows-x86_64 | 0.2.5 | 6.00 | 71.00 | 77.00 | NOTE | |
r-patched-linux-x86_64 | 0.2.5 | 5.43 | 51.90 | 57.33 | NOTE | |
r-release-linux-x86_64 | 0.2.5 | 4.95 | 52.58 | 57.53 | NOTE | |
r-release-macos-arm64 | 0.2.5 | 24.00 | NOTE | |||
r-release-windows-x86_64 | 0.2.5 | 6.00 | 71.00 | 77.00 | NOTE | |
r-oldrel-macos-arm64 | 0.2.5 | 27.00 | NOTE | |||
r-oldrel-macos-x86_64 | 0.2.5 | 38.00 | NOTE | |||
r-oldrel-windows-x86_64 | 0.2.5 | 7.00 | 78.00 | 85.00 | NOTE |
Version: 0.2.5
Check: LazyData
Result: NOTE
'LazyData' is specified without a 'data' directory
Flavors: r-devel-linux-x86_64-debian-clang, r-devel-linux-x86_64-debian-gcc, r-devel-linux-x86_64-fedora-clang, r-devel-linux-x86_64-fedora-gcc, r-devel-windows-x86_64, r-patched-linux-x86_64, r-release-linux-x86_64, r-release-macos-arm64, r-release-windows-x86_64, r-oldrel-macos-arm64, r-oldrel-macos-x86_64, r-oldrel-windows-x86_64