Last updated on 2024-05-07 06:55:47 CEST.
Flavor | Version | Tinstall | Tcheck | Ttotal | Status | Flags |
---|---|---|---|---|---|---|
r-devel-linux-x86_64-debian-clang | 0.4.0 | 2.21 | 33.54 | 35.75 | OK | |
r-devel-linux-x86_64-debian-gcc | 0.4.0 | 2.32 | 25.79 | 28.11 | OK | |
r-devel-linux-x86_64-fedora-clang | 0.4.0 | 47.31 | NOTE | |||
r-devel-linux-x86_64-fedora-gcc | 0.4.0 | 79.09 | OK | |||
r-devel-windows-x86_64 | 0.4.0 | 3.00 | 48.00 | 51.00 | OK | |
r-patched-linux-x86_64 | 0.4.0 | 3.40 | 32.05 | 35.45 | OK | |
r-release-linux-x86_64 | 0.4.0 | 3.20 | 32.19 | 35.39 | OK | |
r-release-macos-arm64 | 0.4.0 | 23.00 | OK | |||
r-release-windows-x86_64 | 0.4.0 | 4.00 | 48.00 | 52.00 | OK | |
r-oldrel-macos-arm64 | 0.4.0 | 24.00 | OK | |||
r-oldrel-macos-x86_64 | 0.4.0 | 34.00 | OK | |||
r-oldrel-windows-x86_64 | 0.4.0 | 4.00 | 52.00 | 56.00 | OK |
Version: 0.4.0
Check: Rd cross-references
Result: NOTE
Undeclared packages ‘xaringan’, ‘beepr’ in Rd xrefs
Flavor: r-devel-linux-x86_64-fedora-clang