Last updated on 2024-04-23 06:56:52 CEST.
Flavor | Version | Tinstall | Tcheck | Ttotal | Status | Flags |
---|---|---|---|---|---|---|
r-devel-linux-x86_64-debian-clang | 1.6.0 | 4.90 | 90.94 | 95.84 | OK | |
r-devel-linux-x86_64-debian-gcc | 1.6.0 | 3.97 | 65.25 | 69.22 | OK | |
r-devel-linux-x86_64-fedora-clang | 1.6.0 | 118.24 | NOTE | |||
r-devel-linux-x86_64-fedora-gcc | 1.6.0 | 113.13 | NOTE | |||
r-prerel-macos-arm64 | 1.6.0 | 38.00 | OK | |||
r-prerel-macos-x86_64 | 1.6.0 | 126.00 | OK | |||
r-prerel-windows-x86_64 | 1.6.0 | 4.00 | 139.00 | 143.00 | OK | |
r-patched-linux-x86_64 | 1.6.0 | 5.10 | 89.18 | 94.28 | OK | |
r-release-linux-x86_64 | 1.6.0 | 4.55 | 87.97 | 92.52 | OK | |
r-release-macos-arm64 | 1.6.0 | 57.00 | OK | |||
r-release-macos-x86_64 | 1.6.0 | 133.00 | OK | |||
r-release-windows-x86_64 | 1.6.0 | 6.00 | 156.00 | 162.00 | OK | |
r-oldrel-macos-arm64 | 1.6.0 | 45.00 | OK | |||
r-oldrel-windows-x86_64 | 1.6.0 | 7.00 | 155.00 | 162.00 | OK |
Version: 1.6.0
Check: data for non-ASCII characters
Result: NOTE
Note: found 140280 marked UTF-8 strings
Flavors: r-devel-linux-x86_64-fedora-clang, r-devel-linux-x86_64-fedora-gcc