Last updated on 2024-05-07 18:49:41 CEST.
Flavor | Version | Tinstall | Tcheck | Ttotal | Status | Flags |
---|---|---|---|---|---|---|
r-devel-linux-x86_64-debian-clang | 0.1.2 | 5.59 | 40.94 | 46.53 | OK | |
r-devel-linux-x86_64-debian-gcc | 0.1.2 | 4.47 | 31.22 | 35.69 | OK | |
r-devel-linux-x86_64-fedora-clang | 0.1.2 | 57.98 | NOTE | |||
r-devel-linux-x86_64-fedora-gcc | 0.1.2 | 78.23 | NOTE | |||
r-devel-windows-x86_64 | 0.1.2 | 7.00 | 56.00 | 63.00 | OK | |
r-patched-linux-x86_64 | 0.1.2 | 3.07 | 37.93 | 41.00 | OK | |
r-release-linux-x86_64 | 0.1.2 | 3.40 | 39.06 | 42.46 | OK | |
r-release-macos-arm64 | 0.1.2 | 31.00 | OK | |||
r-release-windows-x86_64 | 0.1.2 | 7.00 | 55.00 | 62.00 | OK | |
r-oldrel-macos-arm64 | 0.1.2 | 33.00 | OK | |||
r-oldrel-macos-x86_64 | 0.1.2 | 41.00 | OK | |||
r-oldrel-windows-x86_64 | 0.1.2 | 8.00 | 57.00 | 65.00 | OK |
Version: 0.1.2
Check: dependencies in R code
Result: NOTE
Namespaces in Imports field not imported from:
‘mapview’ ‘plotly’
All declared Imports should be used.
Flavors: r-devel-linux-x86_64-fedora-clang, r-devel-linux-x86_64-fedora-gcc