Last updated on 2024-04-23 18:50:51 CEST.
Flavor | Version | Tinstall | Tcheck | Ttotal | Status | Flags |
---|---|---|---|---|---|---|
r-devel-linux-x86_64-debian-clang | 4.0.3 | 12.39 | 96.94 | 109.33 | OK | |
r-devel-linux-x86_64-debian-gcc | 4.0.3 | 11.23 | 72.39 | 83.62 | OK | |
r-devel-linux-x86_64-fedora-clang | 4.0.3 | 139.80 | NOTE | |||
r-devel-linux-x86_64-fedora-gcc | 4.0.3 | 145.02 | OK | |||
r-prerel-macos-arm64 | 4.0.3 | 50.00 | OK | |||
r-prerel-windows-x86_64 | 4.0.3 | 13.00 | 98.00 | 111.00 | OK | |
r-patched-linux-x86_64 | 4.0.3 | 11.47 | 90.85 | 102.32 | OK | |
r-release-linux-x86_64 | 4.0.3 | 13.91 | 94.65 | 108.56 | OK | |
r-release-macos-arm64 | 4.0.3 | 54.00 | OK | |||
r-release-macos-x86_64 | 4.0.3 | 125.00 | OK | |||
r-release-windows-x86_64 | 4.0.3 | 18.00 | 113.00 | 131.00 | OK | |
r-oldrel-macos-arm64 | 4.0.3 | 48.00 | OK | |||
r-oldrel-windows-x86_64 | 4.0.3 | 16.00 | 116.00 | 132.00 | OK |
Version: 4.0.3
Check: installed package size
Result: NOTE
installed size is 10.4Mb
sub-directories of 1Mb or more:
libs 9.8Mb
Flavor: r-devel-linux-x86_64-fedora-clang