Last updated on 2024-05-04 06:51:52 CEST.
Flavor | Version | Tinstall | Tcheck | Ttotal | Status | Flags |
---|---|---|---|---|---|---|
r-devel-linux-x86_64-debian-clang | 0.7-12 | 22.64 | 149.29 | 171.93 | OK | |
r-devel-linux-x86_64-debian-gcc | 0.7-12 | 20.96 | 108.29 | 129.25 | OK | |
r-devel-linux-x86_64-fedora-clang | 0.7-12 | 223.35 | OK | |||
r-devel-linux-x86_64-fedora-gcc | 0.7-12 | 221.71 | OK | |||
r-devel-windows-x86_64 | 0.7-12 | 27.00 | 136.00 | 163.00 | OK | |
r-patched-linux-x86_64 | 0.7-12 | 22.79 | 142.50 | 165.29 | OK | |
r-release-linux-x86_64 | 0.7-12 | 23.33 | 143.37 | 166.70 | OK | |
r-release-macos-arm64 | 0.7-12 | 66.00 | WARN | |||
r-release-windows-x86_64 | 0.7-12 | 27.00 | 135.00 | 162.00 | OK | |
r-oldrel-macos-arm64 | 0.7-12 | 76.00 | NOTE | |||
r-oldrel-macos-x86_64 | 0.7-12 | 144.00 | OK | |||
r-oldrel-windows-x86_64 | 0.7-12 | 32.00 | 159.00 | 191.00 | OK |
Version: 0.7-12
Check: re-building of vignette outputs
Result: WARN
Error(s) in re-building vignettes:
...
--- re-building ‘cplm.Rnw’ using Sweave
Loading required package: coda
Loading required package: Matrix
Loading required package: splines
Error: processing vignette 'cplm.Rnw' failed with diagnostics:
Running 'texi2dvi' on 'cplm.tex' failed.
LaTeX errors:
!pdfTeX error: pdflatex (file bbm10): Font bbm10 at 600 not found
==> Fatal error occurred, no output PDF file produced!
--- failed re-building ‘cplm.Rnw’
SUMMARY: processing the following file failed:
‘cplm.Rnw’
Error: Vignette re-building failed.
Execution halted
Flavor: r-release-macos-arm64
Version: 0.7-12
Check: re-building of vignette outputs
Result: NOTE
Error(s) in re-building vignettes:
...
--- re-building ‘cplm.Rnw’ using Sweave
Loading required package: coda
Loading required package: Matrix
Loading required package: splines
Error: processing vignette 'cplm.Rnw' failed with diagnostics:
Running 'texi2dvi' on 'cplm.tex' failed.
LaTeX errors:
!pdfTeX error: pdflatex (file bbm10): Font bbm10 at 600 not found
==> Fatal error occurred, no output PDF file produced!
--- failed re-building ‘cplm.Rnw’
SUMMARY: processing the following file failed:
‘cplm.Rnw’
Error: Vignette re-building failed.
Execution halted
Flavor: r-oldrel-macos-arm64