Last updated on 2024-05-07 06:55:47 CEST.
Flavor | Version | Tinstall | Tcheck | Ttotal | Status | Flags |
---|---|---|---|---|---|---|
r-devel-linux-x86_64-debian-clang | 1.0.6 | 36.84 | 113.82 | 150.66 | NOTE | |
r-devel-linux-x86_64-debian-gcc | 1.0.6 | 25.28 | 82.98 | 108.26 | NOTE | |
r-devel-linux-x86_64-fedora-clang | 1.0.6 | 202.46 | NOTE | |||
r-devel-linux-x86_64-fedora-gcc | 1.0.6 | 249.07 | NOTE | |||
r-devel-windows-x86_64 | 1.0.6 | 31.00 | 153.00 | 184.00 | NOTE | |
r-patched-linux-x86_64 | 1.0.6 | 23.17 | 106.88 | 130.05 | NOTE | |
r-release-linux-x86_64 | 1.0.6 | 24.05 | 105.43 | 129.48 | NOTE | |
r-release-macos-arm64 | 1.0.6 | 65.00 | NOTE | |||
r-release-windows-x86_64 | 1.0.6 | 31.00 | 150.00 | 181.00 | NOTE | |
r-oldrel-macos-arm64 | 1.0.6 | 65.00 | NOTE | |||
r-oldrel-macos-x86_64 | 1.0.6 | 116.00 | NOTE | |||
r-oldrel-windows-x86_64 | 1.0.6 | 37.00 | 160.00 | 197.00 | NOTE |
Version: 1.0.6
Check: C++ specification
Result: NOTE
Specified C++14: please drop specification unless essential
Flavors: r-devel-linux-x86_64-debian-clang, r-devel-linux-x86_64-debian-gcc, r-devel-linux-x86_64-fedora-clang, r-devel-linux-x86_64-fedora-gcc, r-devel-windows-x86_64, r-patched-linux-x86_64, r-release-linux-x86_64, r-release-macos-arm64, r-release-windows-x86_64, r-oldrel-macos-arm64, r-oldrel-macos-x86_64, r-oldrel-windows-x86_64