Last updated on 2024-04-25 18:49:22 CEST.
Flavor | Version | Tinstall | Tcheck | Ttotal | Status | Flags |
---|---|---|---|---|---|---|
r-devel-linux-x86_64-debian-clang | 1.0.0 | 1.99 | 21.29 | 23.28 | OK | |
r-devel-linux-x86_64-debian-gcc | 1.0.0 | 1.46 | 16.74 | 18.20 | OK | |
r-devel-linux-x86_64-fedora-clang | 1.0.0 | 29.99 | NOTE | |||
r-devel-linux-x86_64-fedora-gcc | 1.0.0 | 28.34 | NOTE | |||
r-devel-windows-x86_64 | 1.0.0 | 2.00 | 36.00 | 38.00 | OK | |
r-patched-linux-x86_64 | 1.0.0 | 1.32 | 20.59 | 21.91 | OK | |
r-release-linux-x86_64 | 1.0.0 | 1.88 | 21.39 | 23.27 | OK | |
r-release-macos-arm64 | 1.0.0 | 14.00 | OK | |||
r-release-windows-x86_64 | 1.0.0 | 3.00 | 36.00 | 39.00 | OK | |
r-oldrel-macos-arm64 | 1.0.0 | 16.00 | OK | |||
r-oldrel-macos-x86_64 | 1.0.0 | 21.00 | OK | |||
r-oldrel-windows-x86_64 | 1.0.0 | 2.00 | 35.00 | 37.00 | OK |
Version: 1.0.0
Check: data for non-ASCII characters
Result: NOTE
Note: found 3 marked UTF-8 strings
Flavors: r-devel-linux-x86_64-fedora-clang, r-devel-linux-x86_64-fedora-gcc