Last updated on 2024-05-07 06:55:47 CEST.
Flavor | Version | Tinstall | Tcheck | Ttotal | Status | Flags |
---|---|---|---|---|---|---|
r-devel-linux-x86_64-debian-clang | 1.1 | 31.74 | 295.62 | 327.36 | NOTE | |
r-devel-linux-x86_64-debian-gcc | 1.1 | 26.35 | 207.74 | 234.09 | NOTE | |
r-devel-linux-x86_64-fedora-clang | 1.1 | 400.78 | NOTE | |||
r-devel-linux-x86_64-fedora-gcc | 1.1 | 526.50 | NOTE | |||
r-devel-windows-x86_64 | 1.1 | 25.00 | 180.00 | 205.00 | NOTE | |
r-patched-linux-x86_64 | 1.1 | 31.54 | 287.01 | 318.55 | NOTE | |
r-release-linux-x86_64 | 1.1 | 32.04 | 279.40 | 311.44 | NOTE | |
r-release-macos-arm64 | 1.1 | 85.00 | NOTE | |||
r-release-windows-x86_64 | 1.1 | 24.00 | 180.00 | 204.00 | NOTE | |
r-oldrel-macos-arm64 | 1.1 | 89.00 | OK | |||
r-oldrel-macos-x86_64 | 1.1 | 165.00 | OK | |||
r-oldrel-windows-x86_64 | 1.1 | 33.00 | 232.00 | 265.00 | OK |
Version: 1.1
Check: Rd files
Result: NOTE
checkRd: (-1) cruts-package.Rd:21: Lost braces
21 | section{Dependencies}{
| ^
checkRd: (-1) cruts-package.Rd:21-24: Lost braces
21 | section{Dependencies}{
| ^
checkRd: (-1) cruts-package.Rd:26: Lost braces
26 | section{Citation}{
| ^
checkRd: (-1) cruts-package.Rd:26-28: Lost braces
26 | section{Citation}{
| ^
checkRd: (-1) cruts-package.Rd:30-32: Lost braces
30 | references{
| ^
Flavors: r-devel-linux-x86_64-debian-clang, r-devel-linux-x86_64-debian-gcc, r-devel-linux-x86_64-fedora-clang, r-devel-linux-x86_64-fedora-gcc, r-devel-windows-x86_64, r-patched-linux-x86_64, r-release-linux-x86_64, r-release-macos-arm64, r-release-windows-x86_64