Last updated on 2024-05-07 06:55:47 CEST.
Flavor | Version | Tinstall | Tcheck | Ttotal | Status | Flags |
---|---|---|---|---|---|---|
r-devel-linux-x86_64-debian-clang | 0.1.0 | 4.43 | 44.28 | 48.71 | OK | |
r-devel-linux-x86_64-debian-gcc | 0.1.0 | 3.16 | 33.04 | 36.20 | OK | |
r-devel-linux-x86_64-fedora-clang | 0.1.0 | 60.36 | NOTE | |||
r-devel-linux-x86_64-fedora-gcc | 0.1.0 | 75.85 | NOTE | |||
r-devel-windows-x86_64 | 0.1.0 | 5.00 | 66.00 | 71.00 | OK | |
r-patched-linux-x86_64 | 0.1.0 | 5.73 | 41.60 | 47.33 | OK | |
r-release-linux-x86_64 | 0.1.0 | 3.15 | 42.04 | 45.19 | OK | |
r-release-macos-arm64 | 0.1.0 | 28.00 | OK | |||
r-release-windows-x86_64 | 0.1.0 | 5.00 | 67.00 | 72.00 | OK | |
r-oldrel-macos-arm64 | 0.1.0 | 29.00 | OK | |||
r-oldrel-macos-x86_64 | 0.1.0 | 41.00 | OK | |||
r-oldrel-windows-x86_64 | 0.1.0 | 5.00 | 70.00 | 75.00 | OK |
Version: 0.1.0
Check: data for non-ASCII characters
Result: NOTE
Note: found 459 marked UTF-8 strings
Flavors: r-devel-linux-x86_64-fedora-clang, r-devel-linux-x86_64-fedora-gcc