Last updated on 2024-05-07 18:49:42 CEST.
Flavor | Version | Tinstall | Tcheck | Ttotal | Status | Flags |
---|---|---|---|---|---|---|
r-devel-linux-x86_64-debian-clang | 0.5.5 | 7.96 | 55.51 | 63.47 | OK | |
r-devel-linux-x86_64-debian-gcc | 0.5.5 | 5.17 | 40.23 | 45.40 | OK | |
r-devel-linux-x86_64-fedora-clang | 0.5.5 | 79.20 | NOTE | |||
r-devel-linux-x86_64-fedora-gcc | 0.5.5 | 105.17 | NOTE | |||
r-devel-windows-x86_64 | 0.5.5 | 9.00 | 65.00 | 74.00 | OK | |
r-patched-linux-x86_64 | 0.5.5 | 6.03 | 51.29 | 57.32 | OK | |
r-release-linux-x86_64 | 0.5.5 | 6.87 | 52.71 | 59.58 | OK | |
r-release-macos-arm64 | 0.5.5 | 32.00 | OK | |||
r-release-windows-x86_64 | 0.5.5 | 9.00 | 63.00 | 72.00 | OK | |
r-oldrel-macos-arm64 | 0.5.5 | 31.00 | OK | |||
r-oldrel-macos-x86_64 | 0.5.5 | 60.00 | OK | |||
r-oldrel-windows-x86_64 | 0.5.5 | 10.00 | 68.00 | 78.00 | OK |
Version: 0.5.5
Check: data for non-ASCII characters
Result: NOTE
Note: found 469 marked UTF-8 strings
Flavors: r-devel-linux-x86_64-fedora-clang, r-devel-linux-x86_64-fedora-gcc