Last updated on 2024-05-07 06:55:47 CEST.
Flavor | Version | Tinstall | Tcheck | Ttotal | Status | Flags |
---|---|---|---|---|---|---|
r-devel-linux-x86_64-debian-clang | 1.0.3 | 5.81 | 51.32 | 57.13 | OK | |
r-devel-linux-x86_64-debian-gcc | 1.0.3 | 4.50 | 37.78 | 42.28 | OK | |
r-devel-linux-x86_64-fedora-clang | 1.0.3 | 72.24 | NOTE | |||
r-devel-linux-x86_64-fedora-gcc | 1.0.3 | 88.38 | NOTE | |||
r-devel-windows-x86_64 | 1.0.3 | 7.00 | 70.00 | 77.00 | OK | |
r-patched-linux-x86_64 | 1.0.3 | 12.11 | 48.10 | 60.21 | OK | |
r-release-linux-x86_64 | 1.0.3 | 7.27 | 48.63 | 55.90 | OK | |
r-release-macos-arm64 | 1.0.3 | 25.00 | OK | |||
r-release-windows-x86_64 | 1.0.3 | 8.00 | 64.00 | 72.00 | OK | |
r-oldrel-macos-arm64 | 1.0.3 | 24.00 | OK | |||
r-oldrel-macos-x86_64 | 1.0.3 | 41.00 | OK | |||
r-oldrel-windows-x86_64 | 1.0.3 | 9.00 | 68.00 | 77.00 | OK |
Version: 1.0.3
Check: dependencies in R code
Result: NOTE
Namespace in Imports field not imported from: ‘htmltools’
All declared Imports should be used.
Flavors: r-devel-linux-x86_64-fedora-clang, r-devel-linux-x86_64-fedora-gcc