Last updated on 2024-05-07 18:49:42 CEST.
Flavor | Version | Tinstall | Tcheck | Ttotal | Status | Flags |
---|---|---|---|---|---|---|
r-devel-linux-x86_64-debian-clang | 1.0.0 | 5.06 | 50.58 | 55.64 | OK | |
r-devel-linux-x86_64-debian-gcc | 1.0.0 | 3.99 | 38.32 | 42.31 | OK | |
r-devel-linux-x86_64-fedora-clang | 1.0.0 | 71.30 | NOTE | |||
r-devel-linux-x86_64-fedora-gcc | 1.0.0 | 100.66 | NOTE | |||
r-devel-windows-x86_64 | 1.0.0 | 5.00 | 82.00 | 87.00 | OK | |
r-patched-linux-x86_64 | 1.0.0 | 5.24 | 49.18 | 54.42 | OK | |
r-release-linux-x86_64 | 1.0.0 | 5.03 | 48.02 | 53.05 | OK | |
r-release-macos-arm64 | 1.0.0 | 42.00 | ERROR | |||
r-release-windows-x86_64 | 1.0.0 | 7.00 | 80.00 | 87.00 | OK | |
r-oldrel-macos-arm64 | 1.0.0 | 42.00 | OK | |||
r-oldrel-macos-x86_64 | 1.0.0 | 56.00 | OK | |||
r-oldrel-windows-x86_64 | 1.0.0 | 8.00 | 85.00 | 93.00 | OK |
Version: 1.0.0
Check: dependencies in R code
Result: NOTE
Namespace in Imports field not imported from: ‘purrr’
All declared Imports should be used.
Flavors: r-devel-linux-x86_64-fedora-clang, r-devel-linux-x86_64-fedora-gcc
Version: 1.0.0
Check: examples
Result: ERROR
Running examples in ‘datagovsgR-Ex.R’ failed
The error most likely occurred in:
> ### Name: psi
> ### Title: PSI(PoullutantStandardIndex)
> ### Aliases: psi
> ### Keywords: PSI
>
> ### ** Examples
>
> psi()
Error in curl::curl_fetch_memory(url, handle = handle) :
Timeout was reached: [api.data.gov.sg] Resolving timed out after 10003 milliseconds
Calls: psi ... request_fetch -> request_fetch.write_memory -> <Anonymous>
Execution halted
Flavor: r-release-macos-arm64