Last updated on 2024-04-18 18:57:31 CEST.
Flavor | Version | Tinstall | Tcheck | Ttotal | Status | Flags |
---|---|---|---|---|---|---|
r-devel-linux-x86_64-debian-clang | 2.3-2 | 26.92 | 212.59 | 239.51 | OK | |
r-devel-linux-x86_64-debian-gcc | 2.3-2 | 26.39 | 152.06 | 178.45 | OK | |
r-devel-linux-x86_64-fedora-clang | 2.3-2 | 309.61 | OK | |||
r-devel-linux-x86_64-fedora-gcc | 2.3-2 | 282.70 | OK | |||
r-prerel-macos-arm64 | 2.3-2 | 68.00 | NOTE | |||
r-prerel-windows-x86_64 | 2.3-2 | 20.00 | 158.00 | 178.00 | NOTE | |
r-patched-linux-x86_64 | 2.3-2 | 42.90 | 204.10 | 247.00 | OK | |
r-release-linux-x86_64 | 2.3-2 | 30.56 | 207.54 | 238.10 | OK | |
r-release-macos-arm64 | 2.3-2 | 55.00 | NOTE | |||
r-release-macos-x86_64 | 2.3-2 | 137.00 | NOTE | |||
r-release-windows-x86_64 | 2.3-2 | 27.00 | 199.00 | 226.00 | NOTE | |
r-oldrel-macos-arm64 | 2.3-2 | 57.00 | NOTE | |||
r-oldrel-windows-x86_64 | 2.3-2 | 29.00 | 196.00 | 225.00 | NOTE |
Version: 2.3-2
Check: package dependencies
Result: NOTE
Package suggested but not available for checking: ‘BRugs’
Flavors: r-prerel-macos-arm64, r-prerel-windows-x86_64, r-release-macos-arm64, r-release-macos-x86_64, r-release-windows-x86_64, r-oldrel-macos-arm64, r-oldrel-windows-x86_64