Last updated on 2024-04-25 18:49:23 CEST.
Flavor | Version | Tinstall | Tcheck | Ttotal | Status | Flags |
---|---|---|---|---|---|---|
r-devel-linux-x86_64-debian-clang | 1.2.2 | 5.16 | 45.44 | 50.60 | OK | |
r-devel-linux-x86_64-debian-gcc | 1.2.2 | 4.57 | 34.50 | 39.07 | OK | |
r-devel-linux-x86_64-fedora-clang | 1.2.2 | 63.74 | NOTE | |||
r-devel-linux-x86_64-fedora-gcc | 1.2.2 | 74.01 | NOTE | |||
r-devel-windows-x86_64 | 1.2.2 | 10.00 | 64.00 | 74.00 | OK | |
r-patched-linux-x86_64 | 1.2.2 | 7.03 | 43.90 | 50.93 | OK | |
r-release-linux-x86_64 | 1.2.2 | 5.59 | 42.47 | 48.06 | OK | |
r-release-macos-arm64 | 1.2.2 | 29.00 | OK | |||
r-release-windows-x86_64 | 1.2.2 | 7.00 | 63.00 | 70.00 | OK | |
r-oldrel-macos-arm64 | 1.2.2 | 32.00 | OK | |||
r-oldrel-macos-x86_64 | 1.2.2 | 47.00 | OK | |||
r-oldrel-windows-x86_64 | 1.2.2 | 8.00 | 67.00 | 75.00 | OK |
Version: 1.2.2
Check: data for non-ASCII characters
Result: NOTE
Note: found 1 marked Latin-1 string
Note: found 46826 marked UTF-8 strings
Flavors: r-devel-linux-x86_64-fedora-clang, r-devel-linux-x86_64-fedora-gcc