Last updated on 2024-05-07 06:55:48 CEST.
Flavor | Version | Tinstall | Tcheck | Ttotal | Status | Flags |
---|---|---|---|---|---|---|
r-devel-linux-x86_64-debian-clang | 0.1.0 | 4.02 | 54.64 | 58.66 | OK | |
r-devel-linux-x86_64-debian-gcc | 0.1.0 | 4.17 | 40.91 | 45.08 | OK | |
r-devel-linux-x86_64-fedora-clang | 0.1.0 | 76.34 | NOTE | |||
r-devel-linux-x86_64-fedora-gcc | 0.1.0 | 116.87 | NOTE | |||
r-devel-windows-x86_64 | 0.1.0 | 6.00 | 62.00 | 68.00 | OK | |
r-patched-linux-x86_64 | 0.1.0 | 3.34 | 51.91 | 55.25 | OK | |
r-release-linux-x86_64 | 0.1.0 | 4.83 | 50.78 | 55.61 | OK | |
r-release-macos-arm64 | 0.1.0 | 30.00 | OK | |||
r-release-windows-x86_64 | 0.1.0 | 6.00 | 61.00 | 67.00 | OK | |
r-oldrel-macos-arm64 | 0.1.0 | 32.00 | OK | |||
r-oldrel-macos-x86_64 | 0.1.0 | 48.00 | OK | |||
r-oldrel-windows-x86_64 | 0.1.0 | 8.00 | 67.00 | 75.00 | OK |
Version: 0.1.0
Check: dependencies in R code
Result: NOTE
Namespace in Imports field not imported from: ‘knitr’
All declared Imports should be used.
Flavors: r-devel-linux-x86_64-fedora-clang, r-devel-linux-x86_64-fedora-gcc