Last updated on 2024-04-24 07:15:00 CEST.
Flavor | Version | Tinstall | Tcheck | Ttotal | Status | Flags |
---|---|---|---|---|---|---|
r-devel-linux-x86_64-debian-clang | 5.1 | 22.28 | 155.08 | 177.36 | NOTE | |
r-devel-linux-x86_64-debian-gcc | 5.1 | 15.47 | 112.07 | 127.54 | NOTE | |
r-devel-linux-x86_64-fedora-clang | 5.1 | 217.28 | NOTE | |||
r-devel-linux-x86_64-fedora-gcc | 5.1 | 206.12 | NOTE | |||
r-prerel-macos-arm64 | 5.1 | 54.00 | NOTE | |||
r-prerel-windows-x86_64 | 5.1 | 18.00 | 129.00 | 147.00 | NOTE | |
r-patched-linux-x86_64 | 5.1 | 22.93 | 147.79 | 170.72 | NOTE | |
r-release-linux-x86_64 | 5.1 | 16.10 | 147.95 | 164.05 | OK | |
r-release-macos-arm64 | 5.1 | 66.00 | OK | |||
r-release-macos-x86_64 | 5.1 | 98.00 | OK | |||
r-release-windows-x86_64 | 5.1 | 23.00 | 166.00 | 189.00 | OK | |
r-oldrel-macos-arm64 | 5.1 | 50.00 | OK | |||
r-oldrel-windows-x86_64 | 5.1 | 25.00 | 155.00 | 180.00 | OK |
Version: 5.1
Check: Rd files
Result: NOTE
checkRd: (-1) difTID.Rd:185: Lost braces
185 | \code{\link[deltaPlotR]{deltaPlot}}, code{\link[deltaPlotR]{diagPlot}}, \code{\link{dichoDif}}
| ^
Flavors: r-devel-linux-x86_64-debian-clang, r-devel-linux-x86_64-debian-gcc, r-devel-linux-x86_64-fedora-clang, r-devel-linux-x86_64-fedora-gcc, r-prerel-macos-arm64, r-prerel-windows-x86_64, r-patched-linux-x86_64