Last updated on 2024-04-19 19:50:11 CEST.
Flavor | Version | Tinstall | Tcheck | Ttotal | Status | Flags |
---|---|---|---|---|---|---|
r-devel-linux-x86_64-debian-clang | 0.4.2 | 3.83 | 72.93 | 76.76 | NOTE | |
r-devel-linux-x86_64-debian-gcc | 0.4.2 | NOTE | ||||
r-devel-linux-x86_64-fedora-clang | 0.4.2 | 101.27 | NOTE | |||
r-devel-linux-x86_64-fedora-gcc | 0.4.2 | 110.02 | NOTE | |||
r-prerel-macos-arm64 | 0.4.2 | 40.00 | NOTE | |||
r-prerel-windows-x86_64 | 0.4.2 | 5.00 | 115.00 | 120.00 | NOTE | |
r-patched-linux-x86_64 | 0.4.2 | 6.21 | 74.88 | 81.09 | NOTE | |
r-release-linux-x86_64 | 0.4.2 | 5.29 | 70.03 | 75.32 | NOTE | |
r-release-macos-arm64 | 0.4.2 | 40.00 | NOTE | |||
r-release-macos-x86_64 | 0.4.2 | 64.00 | NOTE | |||
r-release-windows-x86_64 | 0.4.2 | 6.00 | 106.00 | 112.00 | NOTE | |
r-oldrel-macos-arm64 | 0.4.2 | 33.00 | NOTE | |||
r-oldrel-windows-x86_64 | 0.4.2 | 9.00 | 109.00 | 118.00 | NOTE |
Version: 0.4.2
Check: Rd files
Result: NOTE
checkRd: (-1) sensitivitySamplerManual-DPMech-function-numeric-numeric-numeric-method.Rd:25: Lost braces
25 | \item{k}{order statistic index in {1,...,\code{m}}.}
| ^
checkRd: (-1) sensitivitySamplerManual-DPMechNumeric-function-numeric-numeric-numeric-method.Rd:25: Lost braces
25 | \item{k}{order statistic index in {1,...,\code{m}}.}
| ^
checkRd: (-1) sensitivitySamplerManual.Rd:22: Lost braces
22 | \item{k}{order statistic index in {1,...,\code{m}}.}
| ^
Flavors: r-devel-linux-x86_64-debian-clang, r-devel-linux-x86_64-debian-gcc, r-devel-linux-x86_64-fedora-clang, r-devel-linux-x86_64-fedora-gcc, r-prerel-macos-arm64, r-prerel-windows-x86_64, r-patched-linux-x86_64
Version: 0.4.2
Check: LazyData
Result: NOTE
'LazyData' is specified without a 'data' directory
Flavors: r-devel-linux-x86_64-debian-clang, r-devel-linux-x86_64-debian-gcc, r-devel-linux-x86_64-fedora-clang, r-devel-linux-x86_64-fedora-gcc, r-prerel-macos-arm64, r-prerel-windows-x86_64, r-patched-linux-x86_64, r-release-linux-x86_64, r-release-macos-arm64, r-release-macos-x86_64, r-release-windows-x86_64, r-oldrel-macos-arm64, r-oldrel-windows-x86_64