CRAN Package Check Results for Package diffusr

Last updated on 2018-04-20 18:54:59 CEST.

Flavor Version Tinstall Tcheck Ttotal Status Flags
r-devel-linux-x86_64-debian-clang 0.1.2 52.98 29.83 82.81 OK
r-devel-linux-x86_64-debian-gcc 0.1.2 42.61 24.79 67.40 OK
r-devel-linux-x86_64-fedora-clang 0.1.2 118.88 NOTE
r-devel-linux-x86_64-fedora-gcc 0.1.2 111.34 NOTE
r-devel-windows-ix86+x86_64 0.1.2 135.00 98.00 233.00 OK
r-devel-osx-x86_64 0.1.2 NOTE
r-patched-linux-x86_64 0.1.2 50.36 29.79 80.15 OK
r-patched-solaris-x86 0.1.2 111.80 NOTE
r-release-linux-x86_64 0.1.2 49.66 31.40 81.06 OK
r-release-windows-ix86+x86_64 0.1.2 149.00 61.00 210.00 OK
r-release-osx-x86_64 0.1.2 NOTE
r-oldrel-windows-ix86+x86_64 0.1.1 149.00 77.00 226.00 OK

Additional issues

clang-ASAN

Check Details

Version: 0.1.2
Check: installed package size
Result: NOTE
     installed size is 11.8Mb
     sub-directories of 1Mb or more:
     libs 10.8Mb
Flavors: r-devel-linux-x86_64-fedora-clang, r-devel-linux-x86_64-fedora-gcc, r-devel-osx-x86_64, r-release-osx-x86_64

Version: 0.1.2
Check: dependencies in R code
Result: NOTE
    Namespace in Imports field not imported from: ‘methods’
     All declared Imports should be used.
Flavors: r-devel-linux-x86_64-fedora-clang, r-devel-linux-x86_64-fedora-gcc, r-devel-osx-x86_64, r-patched-solaris-x86, r-release-osx-x86_64