CRAN Package Check Results for Package diffusr

Last updated on 2018-07-19 18:49:15 CEST.

Flavor Version Tinstall Tcheck Ttotal Status Flags
r-devel-linux-x86_64-debian-clang 0.1.4 53.86 30.74 84.60 OK
r-devel-linux-x86_64-debian-gcc 0.1.4 44.83 26.70 71.53 OK
r-devel-linux-x86_64-fedora-clang 0.1.4 125.07 NOTE
r-devel-linux-x86_64-fedora-gcc 0.1.4 112.47 NOTE
r-devel-windows-ix86+x86_64 0.1.4 104.00 119.00 223.00 OK
r-patched-linux-x86_64 0.1.4 52.23 30.52 82.75 OK
r-patched-solaris-x86 0.1.4 112.80 NOTE
r-release-linux-x86_64 0.1.4 50.36 30.49 80.85 OK
r-release-windows-ix86+x86_64 0.1.4 141.00 88.00 229.00 OK
r-release-osx-x86_64 0.1.4 NOTE
r-oldrel-windows-ix86+x86_64 0.1.4 136.00 66.00 202.00 OK
r-oldrel-osx-x86_64 0.1.4 NOTE

Check Details

Version: 0.1.4
Check: installed package size
Result: NOTE
     installed size is 11.9Mb
     sub-directories of 1Mb or more:
     libs 10.9Mb
Flavors: r-devel-linux-x86_64-fedora-clang, r-release-osx-x86_64, r-oldrel-osx-x86_64

Version: 0.1.4
Check: dependencies in R code
Result: NOTE
    Namespace in Imports field not imported from: ‘methods’
     All declared Imports should be used.
Flavors: r-devel-linux-x86_64-fedora-clang, r-devel-linux-x86_64-fedora-gcc, r-patched-solaris-x86, r-release-osx-x86_64, r-oldrel-osx-x86_64