Last updated on 2024-03-28 17:49:26 CET.
Flavor | Version | Tinstall | Tcheck | Ttotal | Status | Flags |
---|---|---|---|---|---|---|
r-devel-linux-x86_64-debian-clang | 2.8.2 | 18.39 | 65.09 | 83.48 | OK | |
r-devel-linux-x86_64-debian-gcc | 2.8.2 | 17.60 | 50.81 | 68.41 | OK | |
r-devel-linux-x86_64-fedora-clang | 2.8.2 | 107.98 | NOTE | |||
r-devel-linux-x86_64-fedora-gcc | 2.8.2 | 113.66 | OK | |||
r-devel-windows-x86_64 | 2.8.2 | 17.00 | 73.00 | 90.00 | OK | |
r-patched-linux-x86_64 | 2.8.2 | 25.17 | 63.60 | 88.77 | OK | |
r-release-linux-x86_64 | 2.8.2 | 22.75 | 64.95 | 87.70 | OK | |
r-release-macos-arm64 | 2.8.2 | 50.00 | OK | |||
r-release-macos-x86_64 | 2.8.2 | 67.00 | OK | |||
r-release-windows-x86_64 | 2.8.2 | 23.00 | 78.00 | 101.00 | OK | |
r-oldrel-macos-arm64 | 2.8.2 | 41.00 | OK | |||
r-oldrel-windows-x86_64 | 2.8.2 | 24.00 | 81.00 | 105.00 | OK |
Version: 2.8.2
Check: Rd cross-references
Result: NOTE
Undeclared package ‘distr’ in Rd xrefs
Flavor: r-devel-linux-x86_64-fedora-clang