Last updated on 2024-03-28 06:01:22 CET.
Flavor | Version | Tinstall | Tcheck | Ttotal | Status | Flags |
---|---|---|---|---|---|---|
r-devel-linux-x86_64-debian-clang | 0.4.0 | 5.37 | 69.31 | 74.68 | NOTE | |
r-devel-linux-x86_64-debian-gcc | 0.4.0 | 4.16 | 52.16 | 56.32 | NOTE | |
r-devel-linux-x86_64-fedora-clang | 0.4.0 | 91.69 | NOTE | |||
r-devel-linux-x86_64-fedora-gcc | 0.4.0 | 90.18 | NOTE | |||
r-devel-windows-x86_64 | 0.4.0 | 8.00 | 74.00 | 82.00 | NOTE | |
r-patched-linux-x86_64 | 0.4.0 | 5.56 | 66.66 | 72.22 | NOTE | |
r-release-linux-x86_64 | 0.4.0 | 5.01 | 67.84 | 72.85 | NOTE | |
r-release-macos-arm64 | 0.4.0 | 30.00 | NOTE | |||
r-release-macos-x86_64 | 0.4.0 | 45.00 | NOTE | |||
r-release-windows-x86_64 | 0.4.0 | 10.00 | 90.00 | 100.00 | NOTE | |
r-oldrel-macos-arm64 | 0.4.0 | 28.00 | NOTE | |||
r-oldrel-windows-x86_64 | 0.4.0 | 10.00 | 84.00 | 94.00 | NOTE |
Version: 0.4.0
Check: LazyData
Result: NOTE
'LazyData' is specified without a 'data' directory
Flavors: r-devel-linux-x86_64-debian-clang, r-devel-linux-x86_64-debian-gcc, r-devel-linux-x86_64-fedora-clang, r-devel-linux-x86_64-fedora-gcc, r-devel-windows-x86_64, r-patched-linux-x86_64, r-release-linux-x86_64, r-release-macos-arm64, r-release-macos-x86_64, r-release-windows-x86_64, r-oldrel-macos-arm64, r-oldrel-windows-x86_64