Last updated on 2024-04-19 19:50:12 CEST.
Flavor | Version | Tinstall | Tcheck | Ttotal | Status | Flags |
---|---|---|---|---|---|---|
r-devel-linux-x86_64-debian-clang | 2.3.3 | 15.27 | 115.75 | 131.02 | NOTE | |
r-devel-linux-x86_64-debian-gcc | 2.3.3 | NOTE | ||||
r-devel-linux-x86_64-fedora-clang | 2.3.3 | 159.25 | NOTE | |||
r-devel-linux-x86_64-fedora-gcc | 2.3.3 | 148.21 | NOTE | |||
r-prerel-macos-arm64 | 2.3.3 | 46.00 | NOTE | |||
r-prerel-windows-x86_64 | 2.3.3 | 12.00 | 103.00 | 115.00 | NOTE | |
r-patched-linux-x86_64 | 2.3.3 | 19.80 | 107.30 | 127.10 | NOTE | |
r-release-linux-x86_64 | 2.3.3 | 8.79 | 112.64 | 121.43 | OK | |
r-release-macos-arm64 | 2.3.3 | 51.00 | OK | |||
r-release-macos-x86_64 | 2.3.3 | 80.00 | OK | |||
r-release-windows-x86_64 | 2.3.3 | 16.00 | 126.00 | 142.00 | OK | |
r-oldrel-macos-arm64 | 2.3.3 | 41.00 | OK | |||
r-oldrel-windows-x86_64 | 2.3.3 | 16.00 | 125.00 | 141.00 | OK |
Version: 2.3.3
Check: Rd files
Result: NOTE
checkRd: (-1) dsm_varprop.Rd:67: Lost braces
67 | parameter uncertainty. See Wood, Pya & S{\"a}fken (2016) for more
| ^
checkRd: (-1) dsm_varprop.Rd:100: Lost braces
100 | Wood, S.N., Pya, N. and S{\"a}fken, B. (2016) Smoothing parameter and model
| ^
Flavors: r-devel-linux-x86_64-debian-clang, r-devel-linux-x86_64-debian-gcc, r-devel-linux-x86_64-fedora-clang, r-devel-linux-x86_64-fedora-gcc, r-prerel-macos-arm64, r-prerel-windows-x86_64, r-patched-linux-x86_64